{"id":3289,"date":"2023-07-09T20:28:32","date_gmt":"2023-07-09T18:28:32","guid":{"rendered":"https:\/\/antironflement.org\/?page_id=3289"},"modified":"2023-07-09T20:28:33","modified_gmt":"2023-07-09T18:28:33","slug":"om-meg","status":"publish","type":"page","link":"https:\/\/antironflement.org\/index.php\/nb\/om-meg\/","title":{"rendered":"Om meg"},"content":{"rendered":"\n<p>Jeg heter Serge, jeg er 51 \u00e5r gammel.&nbsp;En liten \u00ab\u00a0manager\u00a0\u00bb, og nok \u00ab\u00a0Geek\u00a0\u00bb til \u00e5 lage denne bloggen \ud83d\ude42.<\/p>\n\n\n\n<p>Da jeg var 38, hadde jeg nesten en bilulykke da jeg sovnet ved rattet&#8230; Jeg ble klar over s\u00f8vnproblemene mine.&nbsp;Jeg led av daglig tretthet, jeg gjespet hele dagen, nettene mine var urolige, avbrutt, jeg hadde snorking, i tillegg til s\u00f8vnl\u00f8shet!&nbsp;Totalen !<\/p>\n\n\n\n<figure class=\"wp-block-image\"><img decoding=\"async\" width=\"200\" height=\"25\" src=\"https:\/\/antironflement.org\/wp-content\/uploads\/2022\/03\/ligne-separation.png\" alt=\"\" class=\"wp-image-587\"\/><\/figure>\n\n\n\n<p>Fra den datoen begynte jeg \u00e5 interessere meg for temaene innsovning og s\u00f8vnkvaliteten.<\/p>\n\n\n\n<p>Etter \u00e5 ha konsultert en \u00d8NH, s\u00f8vnspesialist, oppdaget han meg ogs\u00e5, s\u00f8vnapn\u00e9!<\/p>\n\n\n\n<p>Vel, med alt dette m\u00e5tte jeg handle!&nbsp;Denne bloggen vil fortelle deg om min reiserute.<\/p>\n\n\n\n<figure class=\"wp-block-image\"><img decoding=\"async\" width=\"200\" height=\"25\" src=\"https:\/\/antironflement.org\/wp-content\/uploads\/2022\/03\/ligne-separation.png\" alt=\"\" class=\"wp-image-587\"\/><\/figure>\n\n\n\n<p>I dag sovner jeg veldig lett, jeg v\u00e5kner ikke lenger 4 ganger om natten, jeg har redusert snorkingen betraktelig.&nbsp;Og jeg gikk fra 30 apn\u00e9er i timen til 20, med en veldig merkbar forbedring i min dype s\u00f8vn.<\/p>\n\n\n\n<p>Imidlertid oppdager og tester jeg jevnlig nye produkter som fortsatt har en positiv (eller null) innvirkning.&nbsp;Jeg vil dele det med deg i denne bloggen.<\/p>\n\n\n\n<figure class=\"wp-block-image\"><img decoding=\"async\" width=\"200\" height=\"25\" src=\"https:\/\/antironflement.org\/wp-content\/uploads\/2022\/03\/ligne-separation.png\" alt=\"\" class=\"wp-image-587\"\/><\/figure>\n\n\n\n<h2 class=\"wp-block-heading\">Hvorfor denne bloggen?<\/h2>\n\n\n\n<p>Da jeg \u00f8nsket \u00e5 f\u00e5 informasjon p\u00e5 Internett, fikk jeg ikke utt\u00f8mmende, konsise og pragmatiske svar p\u00e5 disse sp\u00f8rsm\u00e5lene.&nbsp;Jeg pr\u00f8vde, i all ydmykhet, \u00e5 v\u00e6re s\u00e5 tydelig som mulig.<\/p>\n\n\n\n<p>Jeg h\u00e5per denne siden kan svare p\u00e5 noen av sp\u00f8rsm\u00e5lene dine.<\/p>\n\n\n\n<p>God lesning!<\/p>\n","protected":false},"excerpt":{"rendered":"<p>Jeg heter Serge, jeg er 51 \u00e5r gammel.&nbsp;En liten \u00ab\u00a0manager\u00a0\u00bb, og nok \u00ab\u00a0Geek\u00a0\u00bb til \u00e5 lage denne bloggen \ud83d\ude42. Da jeg var 38, hadde jeg nesten en bilulykke da jeg sovnet ved rattet&#8230; Jeg ble klar over s\u00f8vnproblemene mine.&nbsp;Jeg led av daglig tretthet, jeg gjespet hele dagen, nettene mine var urolige, avbrutt, jeg hadde snorking, i tillegg til s\u00f8vnl\u00f8shet!&nbsp;Totalen ! Fra den datoen begynte jeg \u00e5 interessere meg for temaene innsovning og s\u00f8vnkvaliteten. Etter \u00e5 ha konsultert en \u00d8NH, s\u00f8vnspesialist, oppdaget han meg ogs\u00e5, s\u00f8vnapn\u00e9! Vel, med alt dette m\u00e5tte jeg handle!&nbsp;Denne bloggen vil fortelle deg om min reiserute. I dag sovner jeg veldig lett, jeg v\u00e5kner ikke lenger 4 ganger om natten, jeg har redusert snorkingen betraktelig.&nbsp;Og jeg gikk fra 30 apn\u00e9er i timen til 20, med en veldig merkbar forbedring i min dype s\u00f8vn. Imidlertid oppdager og tester jeg jevnlig nye produkter som fortsatt har en positiv (eller null) innvirkning.&nbsp;Jeg vil dele det med deg i denne bloggen. Hvorfor denne bloggen? Da jeg \u00f8nsket \u00e5 f\u00e5 informasjon p\u00e5 Internett, fikk jeg ikke utt\u00f8mmende, konsise og pragmatiske svar p\u00e5 disse sp\u00f8rsm\u00e5lene.&nbsp;Jeg pr\u00f8vde, i all ydmykhet, \u00e5 v\u00e6re s\u00e5 tydelig som mulig. Jeg h\u00e5per denne siden kan svare p\u00e5 noen av sp\u00f8rsm\u00e5lene dine. God lesning!<\/p>\n","protected":false},"author":2,"featured_media":129,"parent":0,"menu_order":0,"comment_status":"closed","ping_status":"closed","template":"","meta":{"two_page_speed":[],"footnotes":""},"class_list":["post-3289","page","type-page","status-publish","has-post-thumbnail","hentry"],"yoast_head":"<!-- This site is optimized with the Yoast SEO plugin v27.4 - https:\/\/yoast.com\/product\/yoast-seo-wordpress\/ -->\n<title>Om meg - Anti Ronflement<\/title>\n<meta name=\"description\" content=\"Je vous pr\u00e9sente mon blog, antironflement.org. J&#039;esp\u00e8re que mon site pourra r\u00e9pondre en partie \u00e0 vos questions.\" \/>\n<meta name=\"robots\" content=\"index, follow, max-snippet:-1, max-image-preview:large, max-video-preview:-1\" \/>\n<link rel=\"canonical\" href=\"https:\/\/antironflement.org\/index.php\/nb\/om-meg\/\" \/>\n<meta property=\"og:locale\" content=\"fr_FR\" \/>\n<meta property=\"og:type\" content=\"article\" \/>\n<meta property=\"og:title\" content=\"Om meg - Anti Ronflement\" \/>\n<meta property=\"og:description\" content=\"Je vous pr\u00e9sente mon blog, antironflement.org. J&#039;esp\u00e8re que mon site pourra r\u00e9pondre en partie \u00e0 vos questions.\" \/>\n<meta property=\"og:url\" content=\"https:\/\/antironflement.org\/index.php\/nb\/om-meg\/\" \/>\n<meta property=\"og:site_name\" content=\"Anti Ronflement\" \/>\n<meta property=\"article:modified_time\" content=\"2023-07-09T18:28:33+00:00\" \/>\n<meta property=\"og:image\" content=\"https:\/\/antironflement.org\/wp-content\/uploads\/2022\/03\/portrait_m.png\" \/>\n\t<meta property=\"og:image:width\" content=\"217\" \/>\n\t<meta property=\"og:image:height\" content=\"208\" \/>\n\t<meta property=\"og:image:type\" content=\"image\/png\" \/>\n<meta name=\"twitter:card\" content=\"summary_large_image\" \/>\n<meta name=\"twitter:label1\" content=\"Dur\u00e9e de lecture estim\u00e9e\" \/>\n\t<meta name=\"twitter:data1\" content=\"2 minutes\" \/>\n<script type=\"application\/ld+json\" class=\"yoast-schema-graph\">{\"@context\":\"https:\\\/\\\/schema.org\",\"@graph\":[{\"@type\":\"WebPage\",\"@id\":\"https:\\\/\\\/antironflement.org\\\/index.php\\\/nb\\\/om-meg\\\/\",\"url\":\"https:\\\/\\\/antironflement.org\\\/index.php\\\/nb\\\/om-meg\\\/\",\"name\":\"Om meg - Anti Ronflement\",\"isPartOf\":{\"@id\":\"https:\\\/\\\/antironflement.org\\\/#website\"},\"primaryImageOfPage\":{\"@id\":\"https:\\\/\\\/antironflement.org\\\/index.php\\\/nb\\\/om-meg\\\/#primaryimage\"},\"image\":{\"@id\":\"https:\\\/\\\/antironflement.org\\\/index.php\\\/nb\\\/om-meg\\\/#primaryimage\"},\"thumbnailUrl\":\"https:\\\/\\\/antironflement.org\\\/wp-content\\\/uploads\\\/2022\\\/03\\\/portrait_m.png\",\"datePublished\":\"2023-07-09T18:28:32+00:00\",\"dateModified\":\"2023-07-09T18:28:33+00:00\",\"description\":\"Je vous pr\u00e9sente mon blog, antironflement.org. J'esp\u00e8re que mon site pourra r\u00e9pondre en partie \u00e0 vos questions.\",\"breadcrumb\":{\"@id\":\"https:\\\/\\\/antironflement.org\\\/index.php\\\/nb\\\/om-meg\\\/#breadcrumb\"},\"inLanguage\":\"fr-FR\",\"potentialAction\":[{\"@type\":\"ReadAction\",\"target\":[\"https:\\\/\\\/antironflement.org\\\/index.php\\\/nb\\\/om-meg\\\/\"]}]},{\"@type\":\"ImageObject\",\"inLanguage\":\"fr-FR\",\"@id\":\"https:\\\/\\\/antironflement.org\\\/index.php\\\/nb\\\/om-meg\\\/#primaryimage\",\"url\":\"https:\\\/\\\/antironflement.org\\\/wp-content\\\/uploads\\\/2022\\\/03\\\/portrait_m.png\",\"contentUrl\":\"https:\\\/\\\/antironflement.org\\\/wp-content\\\/uploads\\\/2022\\\/03\\\/portrait_m.png\",\"width\":217,\"height\":208},{\"@type\":\"BreadcrumbList\",\"@id\":\"https:\\\/\\\/antironflement.org\\\/index.php\\\/nb\\\/om-meg\\\/#breadcrumb\",\"itemListElement\":[{\"@type\":\"ListItem\",\"position\":1,\"name\":\"Accueil\",\"item\":\"https:\\\/\\\/antironflement.org\\\/index.php\\\/en\\\/\"},{\"@type\":\"ListItem\",\"position\":2,\"name\":\"Om meg\"}]},{\"@type\":\"WebSite\",\"@id\":\"https:\\\/\\\/antironflement.org\\\/#website\",\"url\":\"https:\\\/\\\/antironflement.org\\\/\",\"name\":\"Anti Ronflement\",\"description\":\"Avis et tests des solutions pour moins ronfler\",\"publisher\":{\"@id\":\"https:\\\/\\\/antironflement.org\\\/#organization\"},\"potentialAction\":[{\"@type\":\"SearchAction\",\"target\":{\"@type\":\"EntryPoint\",\"urlTemplate\":\"https:\\\/\\\/antironflement.org\\\/?s={search_term_string}\"},\"query-input\":{\"@type\":\"PropertyValueSpecification\",\"valueRequired\":true,\"valueName\":\"search_term_string\"}}],\"inLanguage\":\"fr-FR\"},{\"@type\":\"Organization\",\"@id\":\"https:\\\/\\\/antironflement.org\\\/#organization\",\"name\":\"Anti Ronflement\",\"url\":\"https:\\\/\\\/antironflement.org\\\/\",\"logo\":{\"@type\":\"ImageObject\",\"inLanguage\":\"fr-FR\",\"@id\":\"https:\\\/\\\/antironflement.org\\\/#\\\/schema\\\/logo\\\/image\\\/\",\"url\":\"https:\\\/\\\/antironflement.org\\\/wp-content\\\/uploads\\\/2022\\\/04\\\/antironflementlogotopgris.webp\",\"contentUrl\":\"https:\\\/\\\/antironflement.org\\\/wp-content\\\/uploads\\\/2022\\\/04\\\/antironflementlogotopgris.webp\",\"width\":450,\"height\":200,\"caption\":\"Anti Ronflement\"},\"image\":{\"@id\":\"https:\\\/\\\/antironflement.org\\\/#\\\/schema\\\/logo\\\/image\\\/\"}}]}<\/script>\n<!-- \/ Yoast SEO plugin. -->","yoast_head_json":{"title":"Om meg - Anti Ronflement","description":"Je vous pr\u00e9sente mon blog, antironflement.org. J'esp\u00e8re que mon site pourra r\u00e9pondre en partie \u00e0 vos questions.","robots":{"index":"index","follow":"follow","max-snippet":"max-snippet:-1","max-image-preview":"max-image-preview:large","max-video-preview":"max-video-preview:-1"},"canonical":"https:\/\/antironflement.org\/index.php\/nb\/om-meg\/","og_locale":"fr_FR","og_type":"article","og_title":"Om meg - Anti Ronflement","og_description":"Je vous pr\u00e9sente mon blog, antironflement.org. J'esp\u00e8re que mon site pourra r\u00e9pondre en partie \u00e0 vos questions.","og_url":"https:\/\/antironflement.org\/index.php\/nb\/om-meg\/","og_site_name":"Anti Ronflement","article_modified_time":"2023-07-09T18:28:33+00:00","og_image":[{"width":217,"height":208,"url":"https:\/\/antironflement.org\/wp-content\/uploads\/2022\/03\/portrait_m.png","type":"image\/png"}],"twitter_card":"summary_large_image","twitter_misc":{"Dur\u00e9e de lecture estim\u00e9e":"2 minutes"},"schema":{"@context":"https:\/\/schema.org","@graph":[{"@type":"WebPage","@id":"https:\/\/antironflement.org\/index.php\/nb\/om-meg\/","url":"https:\/\/antironflement.org\/index.php\/nb\/om-meg\/","name":"Om meg - Anti Ronflement","isPartOf":{"@id":"https:\/\/antironflement.org\/#website"},"primaryImageOfPage":{"@id":"https:\/\/antironflement.org\/index.php\/nb\/om-meg\/#primaryimage"},"image":{"@id":"https:\/\/antironflement.org\/index.php\/nb\/om-meg\/#primaryimage"},"thumbnailUrl":"https:\/\/antironflement.org\/wp-content\/uploads\/2022\/03\/portrait_m.png","datePublished":"2023-07-09T18:28:32+00:00","dateModified":"2023-07-09T18:28:33+00:00","description":"Je vous pr\u00e9sente mon blog, antironflement.org. J'esp\u00e8re que mon site pourra r\u00e9pondre en partie \u00e0 vos questions.","breadcrumb":{"@id":"https:\/\/antironflement.org\/index.php\/nb\/om-meg\/#breadcrumb"},"inLanguage":"fr-FR","potentialAction":[{"@type":"ReadAction","target":["https:\/\/antironflement.org\/index.php\/nb\/om-meg\/"]}]},{"@type":"ImageObject","inLanguage":"fr-FR","@id":"https:\/\/antironflement.org\/index.php\/nb\/om-meg\/#primaryimage","url":"https:\/\/antironflement.org\/wp-content\/uploads\/2022\/03\/portrait_m.png","contentUrl":"https:\/\/antironflement.org\/wp-content\/uploads\/2022\/03\/portrait_m.png","width":217,"height":208},{"@type":"BreadcrumbList","@id":"https:\/\/antironflement.org\/index.php\/nb\/om-meg\/#breadcrumb","itemListElement":[{"@type":"ListItem","position":1,"name":"Accueil","item":"https:\/\/antironflement.org\/index.php\/en\/"},{"@type":"ListItem","position":2,"name":"Om meg"}]},{"@type":"WebSite","@id":"https:\/\/antironflement.org\/#website","url":"https:\/\/antironflement.org\/","name":"Anti Ronflement","description":"Avis et tests des solutions pour moins ronfler","publisher":{"@id":"https:\/\/antironflement.org\/#organization"},"potentialAction":[{"@type":"SearchAction","target":{"@type":"EntryPoint","urlTemplate":"https:\/\/antironflement.org\/?s={search_term_string}"},"query-input":{"@type":"PropertyValueSpecification","valueRequired":true,"valueName":"search_term_string"}}],"inLanguage":"fr-FR"},{"@type":"Organization","@id":"https:\/\/antironflement.org\/#organization","name":"Anti Ronflement","url":"https:\/\/antironflement.org\/","logo":{"@type":"ImageObject","inLanguage":"fr-FR","@id":"https:\/\/antironflement.org\/#\/schema\/logo\/image\/","url":"https:\/\/antironflement.org\/wp-content\/uploads\/2022\/04\/antironflementlogotopgris.webp","contentUrl":"https:\/\/antironflement.org\/wp-content\/uploads\/2022\/04\/antironflementlogotopgris.webp","width":450,"height":200,"caption":"Anti Ronflement"},"image":{"@id":"https:\/\/antironflement.org\/#\/schema\/logo\/image\/"}}]}},"acf":[],"_links":{"self":[{"href":"https:\/\/antironflement.org\/index.php\/wp-json\/wp\/v2\/pages\/3289","targetHints":{"allow":["GET"]}}],"collection":[{"href":"https:\/\/antironflement.org\/index.php\/wp-json\/wp\/v2\/pages"}],"about":[{"href":"https:\/\/antironflement.org\/index.php\/wp-json\/wp\/v2\/types\/page"}],"author":[{"embeddable":true,"href":"https:\/\/antironflement.org\/index.php\/wp-json\/wp\/v2\/users\/2"}],"replies":[{"embeddable":true,"href":"https:\/\/antironflement.org\/index.php\/wp-json\/wp\/v2\/comments?post=3289"}],"version-history":[{"count":1,"href":"https:\/\/antironflement.org\/index.php\/wp-json\/wp\/v2\/pages\/3289\/revisions"}],"predecessor-version":[{"id":3290,"href":"https:\/\/antironflement.org\/index.php\/wp-json\/wp\/v2\/pages\/3289\/revisions\/3290"}],"wp:featuredmedia":[{"embeddable":true,"href":"https:\/\/antironflement.org\/index.php\/wp-json\/wp\/v2\/media\/129"}],"wp:attachment":[{"href":"https:\/\/antironflement.org\/index.php\/wp-json\/wp\/v2\/media?parent=3289"}],"curies":[{"name":"wp","href":"https:\/\/api.w.org\/{rel}","templated":true}]}}