{"id":3022,"date":"2023-07-07T14:13:39","date_gmt":"2023-07-07T12:13:39","guid":{"rendered":"https:\/\/antironflement.org\/?page_id=3022"},"modified":"2024-08-15T00:10:15","modified_gmt":"2024-08-14T22:10:15","slug":"anti-snorken-losninger","status":"publish","type":"page","link":"https:\/\/antironflement.org\/index.php\/da\/anti-snorken-losninger\/","title":{"rendered":"Anti snorken l\u00f8sninger"},"content":{"rendered":"\n<h2 class=\"wp-block-heading\">1\/ Bestem f\u00f8rst, hvorfor du snorker<\/h2>\n\n\n<div class=\"wp-block-image\">\n<figure class=\"aligncenter is-resized\"><img fetchpriority=\"high\" decoding=\"async\" width=\"1024\" height=\"967\" src=\"https:\/\/antironflement.org\/wp-content\/uploads\/2023\/06\/ORL-sommeil-diagnostique.jpg\" alt=\"\" class=\"wp-image-1487\" style=\"width:306px;height:289px\" srcset=\"https:\/\/antironflement.org\/wp-content\/uploads\/2023\/06\/ORL-sommeil-diagnostique.jpg 1024w, https:\/\/antironflement.org\/wp-content\/uploads\/2023\/06\/ORL-sommeil-diagnostique-300x283.jpg 300w, https:\/\/antironflement.org\/wp-content\/uploads\/2023\/06\/ORL-sommeil-diagnostique-768x725.jpg 768w, https:\/\/antironflement.org\/wp-content\/uploads\/2023\/06\/ORL-sommeil-diagnostique-600x567.jpg 600w\" sizes=\"(max-width: 1024px) 100vw, 1024px\" \/><\/figure>\n<\/div>\n\n\n<p>Se min \u00a0\u00bb&nbsp;&nbsp;<a href=\"https:\/\/antironflement.org\/index.php\/da\/arsagerne-til-snorken\/\">\u00c5rsager<\/a>&nbsp;\u00ab\u00a0-side, der er mange af dem, og vi er alle forskellige.<\/p>\n\n\n\n<p>For at finde de rigtige l\u00f8sninger TIL DIG, bliver du derfor n\u00f8dt til at stille den rigtige diagnose.<\/p>\n\n\n\n<p>En konsultation med en \u00d8NH-s\u00f8vnspecialist vil hj\u00e6lpe dig.<\/p>\n\n\n\n<h2 class=\"wp-block-heading\">2\/ Forts\u00e6t derefter til dine egne tests med l\u00f8sninger eller produkter, der er virkelig effektive (med gode kundeanmeldelser)<\/h2>\n\n\n\n<p>L\u00f8sninger der virker:<\/p>\n\n\n\n<p>Ved k\u00f8b af produkter:<\/p>\n\n\n\n<ul class=\"wp-block-list\">\n<li><a href=\"https:\/\/antironflement.org\/index.php\/da\/category\/afproevning\/naesespray\/\">N\u00e6sespray til at frig\u00f8re slimhinderne<\/a><\/li>\n\n\n\n<li><a href=\"https:\/\/antironflement.org\/index.php\/da\/category\/afproevning\/nasal-retractor-da\/\">Nasal retractor, der giver dig mulighed for at tr\u00e6kke vejret bedre gennem n\u00e6sen<\/a><\/li>\n\n\n\n<li><a href=\"https:\/\/antironflement.org\/index.php\/da\/category\/afproevning\/hagestoette-og-mundstykke\/\">At holde munden lukket for at tr\u00e6kke vejret gennem n\u00e6sen: Hagest\u00f8tte og mundstykke<\/a><\/li>\n\n\n\n<li><a href=\"https:\/\/antironflement.org\/index.php\/da\/category\/afproevning\/ortose\/\">Mundortose med en mandibular fremrykning, der frig\u00f8r passage af luft i sv\u00e6lgets niveau<\/a>&nbsp;<\/li>\n\n\n\n<li><a href=\"https:\/\/antironflement.org\/index.php\/da\/category\/afproevning\/sov-paa-maven\/\">Tvinge dig selv til at sove p\u00e5 maven ved hj\u00e6lp af en enhed i ryggen<\/a><\/li>\n\n\n\n<li><a href=\"https:\/\/antironflement.org\/index.php\/da\/category\/afproevning\/anti-stoej\/\">Tilbyd din partner anti-st\u00f8j l\u00f8sninger<\/a><\/li>\n<\/ul>\n\n\n\n<p>Uden produkter:<\/p>\n\n\n\n<ul class=\"wp-block-list\">\n<li><a href=\"https:\/\/antironflement.org\/index.php\/da\/2023\/07\/07\/maxillofacial-muskelovelser\/\">Maxillofacial muskel\u00f8velser<\/a><\/li>\n\n\n\n<li><a href=\"https:\/\/antironflement.org\/index.php\/da\/2023\/07\/07\/sport-overvaegt\/\">Spil sport, hav en sund livsstil, mad og alkoholfri<\/a><\/li>\n\n\n\n<li><a href=\"https:\/\/antironflement.org\/index.php\/da\/2023\/07\/07\/onh-specialist-i-sovn-og-kirurgi\/\">Konsulter en \u00d8NH med mulig indgreb<\/a><\/li>\n<\/ul>\n\n\n\n<h2 class=\"wp-block-heading\">3\/ Analyser resultaterne<\/h2>\n\n\n<div class=\"wp-block-image\">\n<figure class=\"aligncenter is-resized\"><img decoding=\"async\" width=\"951\" height=\"474\" src=\"https:\/\/antironflement.org\/wp-content\/uploads\/2023\/06\/analyse-du-sommeil.jpg\" alt=\"\" class=\"wp-image-1488\" style=\"width:423px;height:210px\" srcset=\"https:\/\/antironflement.org\/wp-content\/uploads\/2023\/06\/analyse-du-sommeil.jpg 951w, https:\/\/antironflement.org\/wp-content\/uploads\/2023\/06\/analyse-du-sommeil-300x150.jpg 300w, https:\/\/antironflement.org\/wp-content\/uploads\/2023\/06\/analyse-du-sommeil-768x383.jpg 768w, https:\/\/antironflement.org\/wp-content\/uploads\/2023\/06\/analyse-du-sommeil-600x299.jpg 600w\" sizes=\"(max-width: 951px) 100vw, 951px\" \/><\/figure>\n<\/div>\n\n\n<p>Denne del er meget vigtig og vil tage tid.&nbsp;Det vil ogs\u00e5 v\u00e6re n\u00f8dvendigt at sammenligne med sammenlignelige situationer (drag ikke forhastede konklusioner, hvis et resultat ikke er afg\u00f8rende efter et gigantisk og velvandet m\u00e5ltid!).<\/p>\n\n\n\n<p>Testen skal ogs\u00e5 gennemf\u00f8res over en periode p\u00e5 minimum en uge for at udtr\u00e6kke et gennemsnit.<\/p>\n\n\n\n<p>Det bedste er ogs\u00e5 at veksle l\u00f8sningerne, eller at lave n\u00e6tter uden noget s\u00e5 med&#8230; Ved at forts\u00e6tte p\u00e5 denne m\u00e5de i samme periode, fysisk identisk, f\u00e5r du en fremragende sammenligning.<\/p>\n\n\n\n<p>Bedre end din partners \u00ab\u00a0feedback\u00a0\u00bb, brug en app, der registrerer og analyserer din snorken hele natten lang.<\/p>\n\n\n\n<p>For eksempel Snoreclock:<\/p>\n\n\n\n<p><a href=\"https:\/\/play.google.com\/store\/apps\/details?id=de.ralphsapps.snorecontrol&amp;hl=fr_CH&amp;gl=US\">Til Android, her<\/a><\/p>\n\n\n\n<p><a href=\"https:\/\/apps.apple.com\/fr\/app\/snoreclock-vous-ronflez\/id673980122\">Og IOS, her<\/a><\/p>\n\n\n\n<h2 class=\"wp-block-heading\">4\/ Hold ud!<\/h2>\n\n\n<div class=\"wp-block-image\">\n<figure class=\"aligncenter is-resized\"><img decoding=\"async\" width=\"1024\" height=\"898\" src=\"https:\/\/antironflement.org\/wp-content\/uploads\/2023\/06\/image-de-perseverance-solutions-anti-ronflements.jpg\" alt=\"\" class=\"wp-image-1517\" style=\"width:297px;height:260px\" srcset=\"https:\/\/antironflement.org\/wp-content\/uploads\/2023\/06\/image-de-perseverance-solutions-anti-ronflements.jpg 1024w, https:\/\/antironflement.org\/wp-content\/uploads\/2023\/06\/image-de-perseverance-solutions-anti-ronflements-300x263.jpg 300w, https:\/\/antironflement.org\/wp-content\/uploads\/2023\/06\/image-de-perseverance-solutions-anti-ronflements-768x674.jpg 768w, https:\/\/antironflement.org\/wp-content\/uploads\/2023\/06\/image-de-perseverance-solutions-anti-ronflements-600x526.jpg 600w\" sizes=\"(max-width: 1024px) 100vw, 1024px\" \/><\/figure>\n<\/div>\n\n\n<p>Mellem fiasko og en varig l\u00f8sning ligger forskellen ofte i din evne til at holde ud.<\/p>\n\n\n\n<p>Eksempel: at have en ortose p\u00e5 hele natten er ikke behageligt (men da slet ikke!) den f\u00f8rste nat.<\/p>\n\n\n\n<p>S\u00e5 i l\u00f8bet af vandet v\u00e6nner du dig til det, for p\u00e5 et tidspunkt m\u00e6rker du det ikke l\u00e6ngere.<\/p>\n\n\n\n<p>Kontaktlinsebrugere har oplevet dette.<\/p>\n","protected":false},"excerpt":{"rendered":"<p>1\/ Bestem f\u00f8rst, hvorfor du snorker Se min \u00a0\u00bb&nbsp;&nbsp;\u00c5rsager&nbsp;\u00ab\u00a0-side, der er mange af dem, og vi er alle forskellige. For at finde de rigtige l\u00f8sninger TIL DIG, bliver du derfor n\u00f8dt til at stille den rigtige diagnose. En konsultation med en \u00d8NH-s\u00f8vnspecialist vil hj\u00e6lpe dig. 2\/ Forts\u00e6t derefter til dine egne tests med l\u00f8sninger eller produkter, der er virkelig effektive (med gode kundeanmeldelser) L\u00f8sninger der virker: Ved k\u00f8b af produkter: Uden produkter: 3\/ Analyser resultaterne Denne del er meget vigtig og vil tage tid.&nbsp;Det vil ogs\u00e5 v\u00e6re n\u00f8dvendigt at sammenligne med sammenlignelige situationer (drag ikke forhastede konklusioner, hvis et resultat ikke er afg\u00f8rende efter et gigantisk og velvandet m\u00e5ltid!). Testen skal ogs\u00e5 gennemf\u00f8res over en periode p\u00e5 minimum en uge for at udtr\u00e6kke et gennemsnit. Det bedste er ogs\u00e5 at veksle l\u00f8sningerne, eller at lave n\u00e6tter uden noget s\u00e5 med&#8230; Ved at forts\u00e6tte p\u00e5 denne m\u00e5de i samme periode, fysisk identisk, f\u00e5r du en fremragende sammenligning. Bedre end din partners \u00ab\u00a0feedback\u00a0\u00bb, brug en app, der registrerer og analyserer din snorken hele natten lang. For eksempel Snoreclock: Til Android, her Og IOS, her 4\/ Hold ud! Mellem fiasko og en varig l\u00f8sning ligger forskellen ofte i din evne til at holde ud. Eksempel: at have en ortose p\u00e5 hele natten er ikke behageligt (men da slet ikke!) den f\u00f8rste nat. S\u00e5 i l\u00f8bet af vandet v\u00e6nner du dig til det, for p\u00e5 et tidspunkt m\u00e6rker du det ikke l\u00e6ngere. Kontaktlinsebrugere har oplevet dette.<\/p>\n","protected":false},"author":2,"featured_media":0,"parent":0,"menu_order":0,"comment_status":"closed","ping_status":"closed","template":"","meta":{"two_page_speed":[],"footnotes":""},"class_list":["post-3022","page","type-page","status-publish","hentry"],"yoast_head":"<!-- This site is optimized with the Yoast SEO plugin v27.4 - https:\/\/yoast.com\/product\/yoast-seo-wordpress\/ -->\n<title>Anti snorken l\u00f8sninger - Anti Ronflement<\/title>\n<meta name=\"robots\" content=\"index, follow, max-snippet:-1, max-image-preview:large, max-video-preview:-1\" \/>\n<link rel=\"canonical\" href=\"https:\/\/antironflement.org\/index.php\/da\/anti-snorken-losninger\/\" \/>\n<meta property=\"og:locale\" content=\"fr_FR\" \/>\n<meta property=\"og:type\" content=\"article\" \/>\n<meta property=\"og:title\" content=\"Anti snorken l\u00f8sninger - Anti Ronflement\" \/>\n<meta property=\"og:description\" content=\"1\/ Bestem f\u00f8rst, hvorfor du snorker Se min \u00a0\u00bb&nbsp;&nbsp;\u00c5rsager&nbsp;\u00ab\u00a0-side, der er mange af dem, og vi er alle forskellige. For at finde de rigtige l\u00f8sninger TIL DIG, bliver du derfor n\u00f8dt til at stille den rigtige diagnose. En konsultation med en \u00d8NH-s\u00f8vnspecialist vil hj\u00e6lpe dig. 2\/ Forts\u00e6t derefter til dine egne tests med l\u00f8sninger eller produkter, der er virkelig effektive (med gode kundeanmeldelser) L\u00f8sninger der virker: Ved k\u00f8b af produkter: Uden produkter: 3\/ Analyser resultaterne Denne del er meget vigtig og vil tage tid.&nbsp;Det vil ogs\u00e5 v\u00e6re n\u00f8dvendigt at sammenligne med sammenlignelige situationer (drag ikke forhastede konklusioner, hvis et resultat ikke er afg\u00f8rende efter et gigantisk og velvandet m\u00e5ltid!). Testen skal ogs\u00e5 gennemf\u00f8res over en periode p\u00e5 minimum en uge for at udtr\u00e6kke et gennemsnit. Det bedste er ogs\u00e5 at veksle l\u00f8sningerne, eller at lave n\u00e6tter uden noget s\u00e5 med&#8230; Ved at forts\u00e6tte p\u00e5 denne m\u00e5de i samme periode, fysisk identisk, f\u00e5r du en fremragende sammenligning. Bedre end din partners \u00ab\u00a0feedback\u00a0\u00bb, brug en app, der registrerer og analyserer din snorken hele natten lang. For eksempel Snoreclock: Til Android, her Og IOS, her 4\/ Hold ud! Mellem fiasko og en varig l\u00f8sning ligger forskellen ofte i din evne til at holde ud. Eksempel: at have en ortose p\u00e5 hele natten er ikke behageligt (men da slet ikke!) den f\u00f8rste nat. S\u00e5 i l\u00f8bet af vandet v\u00e6nner du dig til det, for p\u00e5 et tidspunkt m\u00e6rker du det ikke l\u00e6ngere. Kontaktlinsebrugere har oplevet dette.\" \/>\n<meta property=\"og:url\" content=\"https:\/\/antironflement.org\/index.php\/da\/anti-snorken-losninger\/\" \/>\n<meta property=\"og:site_name\" content=\"Anti Ronflement\" \/>\n<meta property=\"article:modified_time\" content=\"2024-08-14T22:10:15+00:00\" \/>\n<meta property=\"og:image\" content=\"https:\/\/antironflement.org\/wp-content\/uploads\/2023\/06\/ORL-sommeil-diagnostique.jpg\" \/>\n<meta name=\"twitter:card\" content=\"summary_large_image\" \/>\n<meta name=\"twitter:label1\" content=\"Dur\u00e9e de lecture estim\u00e9e\" \/>\n\t<meta name=\"twitter:data1\" content=\"3 minutes\" \/>\n<script type=\"application\/ld+json\" class=\"yoast-schema-graph\">{\"@context\":\"https:\\\/\\\/schema.org\",\"@graph\":[{\"@type\":\"WebPage\",\"@id\":\"https:\\\/\\\/antironflement.org\\\/index.php\\\/da\\\/anti-snorken-losninger\\\/\",\"url\":\"https:\\\/\\\/antironflement.org\\\/index.php\\\/da\\\/anti-snorken-losninger\\\/\",\"name\":\"Anti snorken l\u00f8sninger - Anti Ronflement\",\"isPartOf\":{\"@id\":\"https:\\\/\\\/antironflement.org\\\/#website\"},\"primaryImageOfPage\":{\"@id\":\"https:\\\/\\\/antironflement.org\\\/index.php\\\/da\\\/anti-snorken-losninger\\\/#primaryimage\"},\"image\":{\"@id\":\"https:\\\/\\\/antironflement.org\\\/index.php\\\/da\\\/anti-snorken-losninger\\\/#primaryimage\"},\"thumbnailUrl\":\"https:\\\/\\\/antironflement.org\\\/wp-content\\\/uploads\\\/2023\\\/06\\\/ORL-sommeil-diagnostique.jpg\",\"datePublished\":\"2023-07-07T12:13:39+00:00\",\"dateModified\":\"2024-08-14T22:10:15+00:00\",\"breadcrumb\":{\"@id\":\"https:\\\/\\\/antironflement.org\\\/index.php\\\/da\\\/anti-snorken-losninger\\\/#breadcrumb\"},\"inLanguage\":\"fr-FR\",\"potentialAction\":[{\"@type\":\"ReadAction\",\"target\":[\"https:\\\/\\\/antironflement.org\\\/index.php\\\/da\\\/anti-snorken-losninger\\\/\"]}]},{\"@type\":\"ImageObject\",\"inLanguage\":\"fr-FR\",\"@id\":\"https:\\\/\\\/antironflement.org\\\/index.php\\\/da\\\/anti-snorken-losninger\\\/#primaryimage\",\"url\":\"https:\\\/\\\/antironflement.org\\\/wp-content\\\/uploads\\\/2023\\\/06\\\/ORL-sommeil-diagnostique.jpg\",\"contentUrl\":\"https:\\\/\\\/antironflement.org\\\/wp-content\\\/uploads\\\/2023\\\/06\\\/ORL-sommeil-diagnostique.jpg\",\"width\":1024,\"height\":967},{\"@type\":\"BreadcrumbList\",\"@id\":\"https:\\\/\\\/antironflement.org\\\/index.php\\\/da\\\/anti-snorken-losninger\\\/#breadcrumb\",\"itemListElement\":[{\"@type\":\"ListItem\",\"position\":1,\"name\":\"Accueil\",\"item\":\"https:\\\/\\\/antironflement.org\\\/index.php\\\/en\\\/\"},{\"@type\":\"ListItem\",\"position\":2,\"name\":\"Anti snorken l\u00f8sninger\"}]},{\"@type\":\"WebSite\",\"@id\":\"https:\\\/\\\/antironflement.org\\\/#website\",\"url\":\"https:\\\/\\\/antironflement.org\\\/\",\"name\":\"Anti Ronflement\",\"description\":\"Avis et tests des solutions pour moins ronfler\",\"publisher\":{\"@id\":\"https:\\\/\\\/antironflement.org\\\/#organization\"},\"potentialAction\":[{\"@type\":\"SearchAction\",\"target\":{\"@type\":\"EntryPoint\",\"urlTemplate\":\"https:\\\/\\\/antironflement.org\\\/?s={search_term_string}\"},\"query-input\":{\"@type\":\"PropertyValueSpecification\",\"valueRequired\":true,\"valueName\":\"search_term_string\"}}],\"inLanguage\":\"fr-FR\"},{\"@type\":\"Organization\",\"@id\":\"https:\\\/\\\/antironflement.org\\\/#organization\",\"name\":\"Anti Ronflement\",\"url\":\"https:\\\/\\\/antironflement.org\\\/\",\"logo\":{\"@type\":\"ImageObject\",\"inLanguage\":\"fr-FR\",\"@id\":\"https:\\\/\\\/antironflement.org\\\/#\\\/schema\\\/logo\\\/image\\\/\",\"url\":\"https:\\\/\\\/antironflement.org\\\/wp-content\\\/uploads\\\/2022\\\/04\\\/antironflementlogotopgris.webp\",\"contentUrl\":\"https:\\\/\\\/antironflement.org\\\/wp-content\\\/uploads\\\/2022\\\/04\\\/antironflementlogotopgris.webp\",\"width\":450,\"height\":200,\"caption\":\"Anti Ronflement\"},\"image\":{\"@id\":\"https:\\\/\\\/antironflement.org\\\/#\\\/schema\\\/logo\\\/image\\\/\"}}]}<\/script>\n<!-- \/ Yoast SEO plugin. -->","yoast_head_json":{"title":"Anti snorken l\u00f8sninger - Anti Ronflement","robots":{"index":"index","follow":"follow","max-snippet":"max-snippet:-1","max-image-preview":"max-image-preview:large","max-video-preview":"max-video-preview:-1"},"canonical":"https:\/\/antironflement.org\/index.php\/da\/anti-snorken-losninger\/","og_locale":"fr_FR","og_type":"article","og_title":"Anti snorken l\u00f8sninger - Anti Ronflement","og_description":"1\/ Bestem f\u00f8rst, hvorfor du snorker Se min \u00a0\u00bb&nbsp;&nbsp;\u00c5rsager&nbsp;\u00ab\u00a0-side, der er mange af dem, og vi er alle forskellige. For at finde de rigtige l\u00f8sninger TIL DIG, bliver du derfor n\u00f8dt til at stille den rigtige diagnose. En konsultation med en \u00d8NH-s\u00f8vnspecialist vil hj\u00e6lpe dig. 2\/ Forts\u00e6t derefter til dine egne tests med l\u00f8sninger eller produkter, der er virkelig effektive (med gode kundeanmeldelser) L\u00f8sninger der virker: Ved k\u00f8b af produkter: Uden produkter: 3\/ Analyser resultaterne Denne del er meget vigtig og vil tage tid.&nbsp;Det vil ogs\u00e5 v\u00e6re n\u00f8dvendigt at sammenligne med sammenlignelige situationer (drag ikke forhastede konklusioner, hvis et resultat ikke er afg\u00f8rende efter et gigantisk og velvandet m\u00e5ltid!). Testen skal ogs\u00e5 gennemf\u00f8res over en periode p\u00e5 minimum en uge for at udtr\u00e6kke et gennemsnit. Det bedste er ogs\u00e5 at veksle l\u00f8sningerne, eller at lave n\u00e6tter uden noget s\u00e5 med&#8230; Ved at forts\u00e6tte p\u00e5 denne m\u00e5de i samme periode, fysisk identisk, f\u00e5r du en fremragende sammenligning. Bedre end din partners \u00ab\u00a0feedback\u00a0\u00bb, brug en app, der registrerer og analyserer din snorken hele natten lang. For eksempel Snoreclock: Til Android, her Og IOS, her 4\/ Hold ud! Mellem fiasko og en varig l\u00f8sning ligger forskellen ofte i din evne til at holde ud. Eksempel: at have en ortose p\u00e5 hele natten er ikke behageligt (men da slet ikke!) den f\u00f8rste nat. S\u00e5 i l\u00f8bet af vandet v\u00e6nner du dig til det, for p\u00e5 et tidspunkt m\u00e6rker du det ikke l\u00e6ngere. Kontaktlinsebrugere har oplevet dette.","og_url":"https:\/\/antironflement.org\/index.php\/da\/anti-snorken-losninger\/","og_site_name":"Anti Ronflement","article_modified_time":"2024-08-14T22:10:15+00:00","og_image":[{"url":"https:\/\/antironflement.org\/wp-content\/uploads\/2023\/06\/ORL-sommeil-diagnostique.jpg","type":"","width":"","height":""}],"twitter_card":"summary_large_image","twitter_misc":{"Dur\u00e9e de lecture estim\u00e9e":"3 minutes"},"schema":{"@context":"https:\/\/schema.org","@graph":[{"@type":"WebPage","@id":"https:\/\/antironflement.org\/index.php\/da\/anti-snorken-losninger\/","url":"https:\/\/antironflement.org\/index.php\/da\/anti-snorken-losninger\/","name":"Anti snorken l\u00f8sninger - Anti Ronflement","isPartOf":{"@id":"https:\/\/antironflement.org\/#website"},"primaryImageOfPage":{"@id":"https:\/\/antironflement.org\/index.php\/da\/anti-snorken-losninger\/#primaryimage"},"image":{"@id":"https:\/\/antironflement.org\/index.php\/da\/anti-snorken-losninger\/#primaryimage"},"thumbnailUrl":"https:\/\/antironflement.org\/wp-content\/uploads\/2023\/06\/ORL-sommeil-diagnostique.jpg","datePublished":"2023-07-07T12:13:39+00:00","dateModified":"2024-08-14T22:10:15+00:00","breadcrumb":{"@id":"https:\/\/antironflement.org\/index.php\/da\/anti-snorken-losninger\/#breadcrumb"},"inLanguage":"fr-FR","potentialAction":[{"@type":"ReadAction","target":["https:\/\/antironflement.org\/index.php\/da\/anti-snorken-losninger\/"]}]},{"@type":"ImageObject","inLanguage":"fr-FR","@id":"https:\/\/antironflement.org\/index.php\/da\/anti-snorken-losninger\/#primaryimage","url":"https:\/\/antironflement.org\/wp-content\/uploads\/2023\/06\/ORL-sommeil-diagnostique.jpg","contentUrl":"https:\/\/antironflement.org\/wp-content\/uploads\/2023\/06\/ORL-sommeil-diagnostique.jpg","width":1024,"height":967},{"@type":"BreadcrumbList","@id":"https:\/\/antironflement.org\/index.php\/da\/anti-snorken-losninger\/#breadcrumb","itemListElement":[{"@type":"ListItem","position":1,"name":"Accueil","item":"https:\/\/antironflement.org\/index.php\/en\/"},{"@type":"ListItem","position":2,"name":"Anti snorken l\u00f8sninger"}]},{"@type":"WebSite","@id":"https:\/\/antironflement.org\/#website","url":"https:\/\/antironflement.org\/","name":"Anti Ronflement","description":"Avis et tests des solutions pour moins ronfler","publisher":{"@id":"https:\/\/antironflement.org\/#organization"},"potentialAction":[{"@type":"SearchAction","target":{"@type":"EntryPoint","urlTemplate":"https:\/\/antironflement.org\/?s={search_term_string}"},"query-input":{"@type":"PropertyValueSpecification","valueRequired":true,"valueName":"search_term_string"}}],"inLanguage":"fr-FR"},{"@type":"Organization","@id":"https:\/\/antironflement.org\/#organization","name":"Anti Ronflement","url":"https:\/\/antironflement.org\/","logo":{"@type":"ImageObject","inLanguage":"fr-FR","@id":"https:\/\/antironflement.org\/#\/schema\/logo\/image\/","url":"https:\/\/antironflement.org\/wp-content\/uploads\/2022\/04\/antironflementlogotopgris.webp","contentUrl":"https:\/\/antironflement.org\/wp-content\/uploads\/2022\/04\/antironflementlogotopgris.webp","width":450,"height":200,"caption":"Anti Ronflement"},"image":{"@id":"https:\/\/antironflement.org\/#\/schema\/logo\/image\/"}}]}},"acf":[],"_links":{"self":[{"href":"https:\/\/antironflement.org\/index.php\/wp-json\/wp\/v2\/pages\/3022","targetHints":{"allow":["GET"]}}],"collection":[{"href":"https:\/\/antironflement.org\/index.php\/wp-json\/wp\/v2\/pages"}],"about":[{"href":"https:\/\/antironflement.org\/index.php\/wp-json\/wp\/v2\/types\/page"}],"author":[{"embeddable":true,"href":"https:\/\/antironflement.org\/index.php\/wp-json\/wp\/v2\/users\/2"}],"replies":[{"embeddable":true,"href":"https:\/\/antironflement.org\/index.php\/wp-json\/wp\/v2\/comments?post=3022"}],"version-history":[{"count":5,"href":"https:\/\/antironflement.org\/index.php\/wp-json\/wp\/v2\/pages\/3022\/revisions"}],"predecessor-version":[{"id":3844,"href":"https:\/\/antironflement.org\/index.php\/wp-json\/wp\/v2\/pages\/3022\/revisions\/3844"}],"wp:attachment":[{"href":"https:\/\/antironflement.org\/index.php\/wp-json\/wp\/v2\/media?parent=3022"}],"curies":[{"name":"wp","href":"https:\/\/api.w.org\/{rel}","templated":true}]}}