{"id":2070,"date":"2023-06-27T14:29:17","date_gmt":"2023-06-27T12:29:17","guid":{"rendered":"https:\/\/antironflement.org\/?page_id=2070"},"modified":"2023-06-27T14:29:19","modified_gmt":"2023-06-27T12:29:19","slug":"las-causas-de-los-ronquidos","status":"publish","type":"page","link":"https:\/\/antironflement.org\/index.php\/es\/las-causas-de-los-ronquidos\/","title":{"rendered":"Las causas de los ronquidos"},"content":{"rendered":"\n<h2 class=\"wp-block-heading\">1\/ Sexo: los hombres roncan m\u00e1s que las mujeres<\/h2>\n\n\n<div class=\"wp-block-image\">\n<figure class=\"aligncenter is-resized\"><img fetchpriority=\"high\" decoding=\"async\" src=\"https:\/\/antironflement.org\/wp-content\/uploads\/2023\/06\/les-hommes-ronflent-plus-que-les-femmes-.jpg\" alt=\"\" class=\"wp-image-1414\" width=\"428\" height=\"399\" srcset=\"https:\/\/antironflement.org\/wp-content\/uploads\/2023\/06\/les-hommes-ronflent-plus-que-les-femmes-.jpg 1024w, https:\/\/antironflement.org\/wp-content\/uploads\/2023\/06\/les-hommes-ronflent-plus-que-les-femmes--300x280.jpg 300w, https:\/\/antironflement.org\/wp-content\/uploads\/2023\/06\/les-hommes-ronflent-plus-que-les-femmes--768x716.jpg 768w, https:\/\/antironflement.org\/wp-content\/uploads\/2023\/06\/les-hommes-ronflent-plus-que-les-femmes--600x560.jpg 600w\" sizes=\"(max-width: 428px) 100vw, 428px\" \/><\/figure>\n<\/div>\n\n\n<p>Los hombres tienen v\u00edas respiratorias m\u00e1s estrechas que las mujeres, lo que con el tiempo (a medida que envejece, vea a continuaci\u00f3n) provocar\u00e1 ronquidos (en la mayor\u00eda de los casos).<\/p>\n\n\n\n<h2 class=\"wp-block-heading\">2\/ Edad: los ronquidos aumentan con la edad.<\/h2>\n\n\n\n<p>Con la edad, los m\u00fasculos de la garganta pierden tono y los tejidos se aflojan, lo que puede causar ronquidos.<\/p>\n\n\n<div class=\"wp-block-image\">\n<figure class=\"aligncenter is-resized\"><img decoding=\"async\" src=\"https:\/\/antironflement.org\/wp-content\/uploads\/2023\/06\/trentenaire-en-train-de-dormir-.jpg\" alt=\"\" class=\"wp-image-1415\" width=\"426\" height=\"400\" srcset=\"https:\/\/antironflement.org\/wp-content\/uploads\/2023\/06\/trentenaire-en-train-de-dormir-.jpg 1024w, https:\/\/antironflement.org\/wp-content\/uploads\/2023\/06\/trentenaire-en-train-de-dormir--300x282.jpg 300w, https:\/\/antironflement.org\/wp-content\/uploads\/2023\/06\/trentenaire-en-train-de-dormir--768x723.jpg 768w, https:\/\/antironflement.org\/wp-content\/uploads\/2023\/06\/trentenaire-en-train-de-dormir--600x565.jpg 600w\" sizes=\"(max-width: 426px) 100vw, 426px\" \/><\/figure>\n<\/div>\n\n\n<p>Pero cabe se\u00f1alar que con el paso de los a\u00f1os, la curva se puede revertir.&nbsp;Las personas muy mayores pueden roncar, pero es cierto que los ronquidos tambi\u00e9n tienden a disminuir a edades muy avanzadas.<\/p>\n\n\n\n<p>Los ronquidos son causados \u200b\u200bpor vibraciones de los tejidos blandos de la garganta, particularmente del paladar blando (la parte posterior del paladar).&nbsp;La relajaci\u00f3n de los m\u00fasculos durante el sue\u00f1o es en parte la causa.<\/p>\n\n\n\n<p>Los m\u00fasculos de la garganta pierden tono con la edad, lo que puede reducir los ronquidos en personas muy mayores.&nbsp;Se puede estimar que los ronquidos alcanzan su punto m\u00e1ximo entre los 40 y los 60 a\u00f1os.&nbsp;Esto no excluye los ronquidos fuera de este grupo de edad.<\/p>\n\n\n<div class=\"wp-block-image\">\n<figure class=\"aligncenter is-resized\"><img decoding=\"async\" src=\"https:\/\/antironflement.org\/wp-content\/uploads\/2023\/06\/personne-age-qui-dort.jpg\" alt=\"\" class=\"wp-image-1417\" width=\"427\" height=\"403\" srcset=\"https:\/\/antironflement.org\/wp-content\/uploads\/2023\/06\/personne-age-qui-dort.jpg 1024w, https:\/\/antironflement.org\/wp-content\/uploads\/2023\/06\/personne-age-qui-dort-300x283.jpg 300w, https:\/\/antironflement.org\/wp-content\/uploads\/2023\/06\/personne-age-qui-dort-768x725.jpg 768w, https:\/\/antironflement.org\/wp-content\/uploads\/2023\/06\/personne-age-qui-dort-600x567.jpg 600w\" sizes=\"(max-width: 427px) 100vw, 427px\" \/><\/figure>\n<\/div>\n\n\n<h2 class=\"wp-block-heading\">3\/ Peso y dieta<\/h2>\n\n\n\n<p>El sobrepeso y la obesidad favorecen los ronquidos diarios que pueden ir acompa\u00f1ados de apnea del sue\u00f1o.<br>el sobrepeso y la obesidad pueden causar ronquidos debido a la acumulaci\u00f3n de grasa alrededor del cuello que puede comprimir las v\u00edas respiratorias.<\/p>\n\n\n\n<p>Una dieta equilibrada asociada a un estilo de vida saludable (actividad deportiva) puede reducir o incluso eliminar los ronquidos.<\/p>\n\n\n<div class=\"wp-block-image\">\n<figure class=\"aligncenter is-resized\"><img loading=\"lazy\" decoding=\"async\" src=\"https:\/\/antironflement.org\/wp-content\/uploads\/2023\/06\/relachement-muscles-gorge.jpg\" alt=\"\" class=\"wp-image-1418\" width=\"415\" height=\"380\" srcset=\"https:\/\/antironflement.org\/wp-content\/uploads\/2023\/06\/relachement-muscles-gorge.jpg 476w, https:\/\/antironflement.org\/wp-content\/uploads\/2023\/06\/relachement-muscles-gorge-300x275.jpg 300w\" sizes=\"(max-width: 415px) 100vw, 415px\" \/><\/figure>\n<\/div>\n\n\n<h2 class=\"wp-block-heading\">4\/ Obstrucci\u00f3n nasal o nasofar\u00edngea<\/h2>\n\n\n<div class=\"wp-block-image\">\n<figure class=\"aligncenter is-resized\"><img loading=\"lazy\" decoding=\"async\" src=\"https:\/\/antironflement.org\/wp-content\/uploads\/2023\/06\/nez-bouche.jpg\" alt=\"\" class=\"wp-image-1419\" width=\"432\" height=\"399\" srcset=\"https:\/\/antironflement.org\/wp-content\/uploads\/2023\/06\/nez-bouche.jpg 1024w, https:\/\/antironflement.org\/wp-content\/uploads\/2023\/06\/nez-bouche-300x278.jpg 300w, https:\/\/antironflement.org\/wp-content\/uploads\/2023\/06\/nez-bouche-768x711.jpg 768w, https:\/\/antironflement.org\/wp-content\/uploads\/2023\/06\/nez-bouche-600x555.jpg 600w\" sizes=\"(max-width: 432px) 100vw, 432px\" \/><\/figure>\n<\/div>\n\n\n<p>Una nariz \u201ctapada\u201d puede ser causada por un tabique desviado, inflamaci\u00f3n de los senos paranasales, alergias o incluso estafilococos.<\/p>\n\n\n\n<p>La obstrucci\u00f3n nasofar\u00edngea tambi\u00e9n puede ser causada por am\u00edgdalas o adenoides agrandadas.<\/p>\n\n\n\n<h2 class=\"wp-block-heading\">5\/ Acostarse boca arriba empeora los ronquidos.<\/h2>\n\n\n<div class=\"wp-block-image\">\n<figure class=\"aligncenter is-resized\"><img loading=\"lazy\" decoding=\"async\" src=\"https:\/\/antironflement.org\/wp-content\/uploads\/2023\/06\/dessin-dun-homme-qui-dort-sur-le-dos-et-ronfle.jpg\" alt=\"\" class=\"wp-image-1421\" width=\"486\" height=\"396\" srcset=\"https:\/\/antironflement.org\/wp-content\/uploads\/2023\/06\/dessin-dun-homme-qui-dort-sur-le-dos-et-ronfle.jpg 1024w, https:\/\/antironflement.org\/wp-content\/uploads\/2023\/06\/dessin-dun-homme-qui-dort-sur-le-dos-et-ronfle-300x244.jpg 300w, https:\/\/antironflement.org\/wp-content\/uploads\/2023\/06\/dessin-dun-homme-qui-dort-sur-le-dos-et-ronfle-768x626.jpg 768w, https:\/\/antironflement.org\/wp-content\/uploads\/2023\/06\/dessin-dun-homme-qui-dort-sur-le-dos-et-ronfle-600x489.jpg 600w\" sizes=\"(max-width: 486px) 100vw, 486px\" \/><\/figure>\n<\/div>\n\n\n<p>Dormir boca arriba puede hacer que la lengua se caiga hacia atr\u00e1s y bloquee las v\u00edas respiratorias.<\/p>\n\n\n\n<h2 class=\"wp-block-heading\">6\/ La absorci\u00f3n de alcohol.<\/h2>\n\n\n\n<p>El alcohol relaja los m\u00fasculos de la garganta y por lo tanto empeora los ronquidos.<\/p>\n\n\n<div class=\"wp-block-image\">\n<figure class=\"aligncenter is-resized\"><img loading=\"lazy\" decoding=\"async\" src=\"https:\/\/antironflement.org\/wp-content\/uploads\/2023\/06\/alcool-et-relachement-muscle-de-la-gorge.jpg\" alt=\"\" class=\"wp-image-1420\" width=\"448\" height=\"424\" srcset=\"https:\/\/antironflement.org\/wp-content\/uploads\/2023\/06\/alcool-et-relachement-muscle-de-la-gorge.jpg 1024w, https:\/\/antironflement.org\/wp-content\/uploads\/2023\/06\/alcool-et-relachement-muscle-de-la-gorge-300x284.jpg 300w, https:\/\/antironflement.org\/wp-content\/uploads\/2023\/06\/alcool-et-relachement-muscle-de-la-gorge-768x728.jpg 768w, https:\/\/antironflement.org\/wp-content\/uploads\/2023\/06\/alcool-et-relachement-muscle-de-la-gorge-600x569.jpg 600w\" sizes=\"(max-width: 448px) 100vw, 448px\" \/><\/figure>\n<\/div>","protected":false},"excerpt":{"rendered":"<p>1\/ Sexo: los hombres roncan m\u00e1s que las mujeres Los hombres tienen v\u00edas respiratorias m\u00e1s estrechas que las mujeres, lo que con el tiempo (a medida que envejece, vea a continuaci\u00f3n) provocar\u00e1 ronquidos (en la mayor\u00eda de los casos). 2\/ Edad: los ronquidos aumentan con la edad. Con la edad, los m\u00fasculos de la garganta pierden tono y los tejidos se aflojan, lo que puede causar ronquidos. Pero cabe se\u00f1alar que con el paso de los a\u00f1os, la curva se puede revertir.&nbsp;Las personas muy mayores pueden roncar, pero es cierto que los ronquidos tambi\u00e9n tienden a disminuir a edades muy avanzadas. Los ronquidos son causados \u200b\u200bpor vibraciones de los tejidos blandos de la garganta, particularmente del paladar blando (la parte posterior del paladar).&nbsp;La relajaci\u00f3n de los m\u00fasculos durante el sue\u00f1o es en parte la causa. Los m\u00fasculos de la garganta pierden tono con la edad, lo que puede reducir los ronquidos en personas muy mayores.&nbsp;Se puede estimar que los ronquidos alcanzan su punto m\u00e1ximo entre los 40 y los 60 a\u00f1os.&nbsp;Esto no excluye los ronquidos fuera de este grupo de edad. 3\/ Peso y dieta El sobrepeso y la obesidad favorecen los ronquidos diarios que pueden ir acompa\u00f1ados de apnea del sue\u00f1o.el sobrepeso y la obesidad pueden causar ronquidos debido a la acumulaci\u00f3n de grasa alrededor del cuello que puede comprimir las v\u00edas respiratorias. Una dieta equilibrada asociada a un estilo de vida saludable (actividad deportiva) puede reducir o incluso eliminar los ronquidos. 4\/ Obstrucci\u00f3n nasal o nasofar\u00edngea Una nariz \u201ctapada\u201d puede ser causada por un tabique desviado, inflamaci\u00f3n de los senos paranasales, alergias o incluso estafilococos. La obstrucci\u00f3n nasofar\u00edngea tambi\u00e9n puede ser causada por am\u00edgdalas o adenoides agrandadas. 5\/ Acostarse boca arriba empeora los ronquidos. Dormir boca arriba puede hacer que la lengua se caiga hacia atr\u00e1s y bloquee las v\u00edas respiratorias. 6\/ La absorci\u00f3n de alcohol. El alcohol relaja los m\u00fasculos de la garganta y por lo tanto empeora los ronquidos.<\/p>\n","protected":false},"author":2,"featured_media":0,"parent":0,"menu_order":0,"comment_status":"closed","ping_status":"closed","template":"","meta":{"two_page_speed":[],"footnotes":""},"class_list":["post-2070","page","type-page","status-publish","hentry"],"yoast_head":"<!-- This site is optimized with the Yoast SEO plugin v27.4 - https:\/\/yoast.com\/product\/yoast-seo-wordpress\/ -->\n<title>Las causas de los ronquidos - Anti Ronflement<\/title>\n<meta name=\"robots\" content=\"index, follow, max-snippet:-1, max-image-preview:large, max-video-preview:-1\" \/>\n<link rel=\"canonical\" href=\"https:\/\/antironflement.org\/index.php\/es\/las-causas-de-los-ronquidos\/\" \/>\n<meta property=\"og:locale\" content=\"fr_FR\" \/>\n<meta property=\"og:type\" content=\"article\" \/>\n<meta property=\"og:title\" content=\"Las causas de los ronquidos - Anti Ronflement\" \/>\n<meta property=\"og:description\" content=\"1\/ Sexo: los hombres roncan m\u00e1s que las mujeres Los hombres tienen v\u00edas respiratorias m\u00e1s estrechas que las mujeres, lo que con el tiempo (a medida que envejece, vea a continuaci\u00f3n) provocar\u00e1 ronquidos (en la mayor\u00eda de los casos). 2\/ Edad: los ronquidos aumentan con la edad. Con la edad, los m\u00fasculos de la garganta pierden tono y los tejidos se aflojan, lo que puede causar ronquidos. Pero cabe se\u00f1alar que con el paso de los a\u00f1os, la curva se puede revertir.&nbsp;Las personas muy mayores pueden roncar, pero es cierto que los ronquidos tambi\u00e9n tienden a disminuir a edades muy avanzadas. Los ronquidos son causados \u200b\u200bpor vibraciones de los tejidos blandos de la garganta, particularmente del paladar blando (la parte posterior del paladar).&nbsp;La relajaci\u00f3n de los m\u00fasculos durante el sue\u00f1o es en parte la causa. Los m\u00fasculos de la garganta pierden tono con la edad, lo que puede reducir los ronquidos en personas muy mayores.&nbsp;Se puede estimar que los ronquidos alcanzan su punto m\u00e1ximo entre los 40 y los 60 a\u00f1os.&nbsp;Esto no excluye los ronquidos fuera de este grupo de edad. 3\/ Peso y dieta El sobrepeso y la obesidad favorecen los ronquidos diarios que pueden ir acompa\u00f1ados de apnea del sue\u00f1o.el sobrepeso y la obesidad pueden causar ronquidos debido a la acumulaci\u00f3n de grasa alrededor del cuello que puede comprimir las v\u00edas respiratorias. Una dieta equilibrada asociada a un estilo de vida saludable (actividad deportiva) puede reducir o incluso eliminar los ronquidos. 4\/ Obstrucci\u00f3n nasal o nasofar\u00edngea Una nariz \u201ctapada\u201d puede ser causada por un tabique desviado, inflamaci\u00f3n de los senos paranasales, alergias o incluso estafilococos. La obstrucci\u00f3n nasofar\u00edngea tambi\u00e9n puede ser causada por am\u00edgdalas o adenoides agrandadas. 5\/ Acostarse boca arriba empeora los ronquidos. Dormir boca arriba puede hacer que la lengua se caiga hacia atr\u00e1s y bloquee las v\u00edas respiratorias. 6\/ La absorci\u00f3n de alcohol. El alcohol relaja los m\u00fasculos de la garganta y por lo tanto empeora los ronquidos.\" \/>\n<meta property=\"og:url\" content=\"https:\/\/antironflement.org\/index.php\/es\/las-causas-de-los-ronquidos\/\" \/>\n<meta property=\"og:site_name\" content=\"Anti Ronflement\" \/>\n<meta property=\"article:modified_time\" content=\"2023-06-27T12:29:19+00:00\" \/>\n<meta property=\"og:image\" content=\"https:\/\/antironflement.org\/wp-content\/uploads\/2023\/06\/les-hommes-ronflent-plus-que-les-femmes-.jpg\" \/>\n<meta name=\"twitter:card\" content=\"summary_large_image\" \/>\n<meta name=\"twitter:label1\" content=\"Dur\u00e9e de lecture estim\u00e9e\" \/>\n\t<meta name=\"twitter:data1\" content=\"4 minutes\" \/>\n<script type=\"application\/ld+json\" class=\"yoast-schema-graph\">{\"@context\":\"https:\\\/\\\/schema.org\",\"@graph\":[{\"@type\":\"WebPage\",\"@id\":\"https:\\\/\\\/antironflement.org\\\/index.php\\\/es\\\/las-causas-de-los-ronquidos\\\/\",\"url\":\"https:\\\/\\\/antironflement.org\\\/index.php\\\/es\\\/las-causas-de-los-ronquidos\\\/\",\"name\":\"Las causas de los ronquidos - Anti Ronflement\",\"isPartOf\":{\"@id\":\"https:\\\/\\\/antironflement.org\\\/#website\"},\"primaryImageOfPage\":{\"@id\":\"https:\\\/\\\/antironflement.org\\\/index.php\\\/es\\\/las-causas-de-los-ronquidos\\\/#primaryimage\"},\"image\":{\"@id\":\"https:\\\/\\\/antironflement.org\\\/index.php\\\/es\\\/las-causas-de-los-ronquidos\\\/#primaryimage\"},\"thumbnailUrl\":\"https:\\\/\\\/antironflement.org\\\/wp-content\\\/uploads\\\/2023\\\/06\\\/les-hommes-ronflent-plus-que-les-femmes-.jpg\",\"datePublished\":\"2023-06-27T12:29:17+00:00\",\"dateModified\":\"2023-06-27T12:29:19+00:00\",\"breadcrumb\":{\"@id\":\"https:\\\/\\\/antironflement.org\\\/index.php\\\/es\\\/las-causas-de-los-ronquidos\\\/#breadcrumb\"},\"inLanguage\":\"fr-FR\",\"potentialAction\":[{\"@type\":\"ReadAction\",\"target\":[\"https:\\\/\\\/antironflement.org\\\/index.php\\\/es\\\/las-causas-de-los-ronquidos\\\/\"]}]},{\"@type\":\"ImageObject\",\"inLanguage\":\"fr-FR\",\"@id\":\"https:\\\/\\\/antironflement.org\\\/index.php\\\/es\\\/las-causas-de-los-ronquidos\\\/#primaryimage\",\"url\":\"https:\\\/\\\/antironflement.org\\\/wp-content\\\/uploads\\\/2023\\\/06\\\/les-hommes-ronflent-plus-que-les-femmes-.jpg\",\"contentUrl\":\"https:\\\/\\\/antironflement.org\\\/wp-content\\\/uploads\\\/2023\\\/06\\\/les-hommes-ronflent-plus-que-les-femmes-.jpg\",\"width\":1024,\"height\":955},{\"@type\":\"BreadcrumbList\",\"@id\":\"https:\\\/\\\/antironflement.org\\\/index.php\\\/es\\\/las-causas-de-los-ronquidos\\\/#breadcrumb\",\"itemListElement\":[{\"@type\":\"ListItem\",\"position\":1,\"name\":\"Accueil\",\"item\":\"https:\\\/\\\/antironflement.org\\\/index.php\\\/en\\\/\"},{\"@type\":\"ListItem\",\"position\":2,\"name\":\"Las causas de los ronquidos\"}]},{\"@type\":\"WebSite\",\"@id\":\"https:\\\/\\\/antironflement.org\\\/#website\",\"url\":\"https:\\\/\\\/antironflement.org\\\/\",\"name\":\"Anti Ronflement\",\"description\":\"Avis et tests des solutions pour moins ronfler\",\"publisher\":{\"@id\":\"https:\\\/\\\/antironflement.org\\\/#organization\"},\"potentialAction\":[{\"@type\":\"SearchAction\",\"target\":{\"@type\":\"EntryPoint\",\"urlTemplate\":\"https:\\\/\\\/antironflement.org\\\/?s={search_term_string}\"},\"query-input\":{\"@type\":\"PropertyValueSpecification\",\"valueRequired\":true,\"valueName\":\"search_term_string\"}}],\"inLanguage\":\"fr-FR\"},{\"@type\":\"Organization\",\"@id\":\"https:\\\/\\\/antironflement.org\\\/#organization\",\"name\":\"Anti Ronflement\",\"url\":\"https:\\\/\\\/antironflement.org\\\/\",\"logo\":{\"@type\":\"ImageObject\",\"inLanguage\":\"fr-FR\",\"@id\":\"https:\\\/\\\/antironflement.org\\\/#\\\/schema\\\/logo\\\/image\\\/\",\"url\":\"https:\\\/\\\/antironflement.org\\\/wp-content\\\/uploads\\\/2022\\\/04\\\/antironflementlogotopgris.webp\",\"contentUrl\":\"https:\\\/\\\/antironflement.org\\\/wp-content\\\/uploads\\\/2022\\\/04\\\/antironflementlogotopgris.webp\",\"width\":450,\"height\":200,\"caption\":\"Anti Ronflement\"},\"image\":{\"@id\":\"https:\\\/\\\/antironflement.org\\\/#\\\/schema\\\/logo\\\/image\\\/\"}}]}<\/script>\n<!-- \/ Yoast SEO plugin. -->","yoast_head_json":{"title":"Las causas de los ronquidos - Anti Ronflement","robots":{"index":"index","follow":"follow","max-snippet":"max-snippet:-1","max-image-preview":"max-image-preview:large","max-video-preview":"max-video-preview:-1"},"canonical":"https:\/\/antironflement.org\/index.php\/es\/las-causas-de-los-ronquidos\/","og_locale":"fr_FR","og_type":"article","og_title":"Las causas de los ronquidos - Anti Ronflement","og_description":"1\/ Sexo: los hombres roncan m\u00e1s que las mujeres Los hombres tienen v\u00edas respiratorias m\u00e1s estrechas que las mujeres, lo que con el tiempo (a medida que envejece, vea a continuaci\u00f3n) provocar\u00e1 ronquidos (en la mayor\u00eda de los casos). 2\/ Edad: los ronquidos aumentan con la edad. Con la edad, los m\u00fasculos de la garganta pierden tono y los tejidos se aflojan, lo que puede causar ronquidos. Pero cabe se\u00f1alar que con el paso de los a\u00f1os, la curva se puede revertir.&nbsp;Las personas muy mayores pueden roncar, pero es cierto que los ronquidos tambi\u00e9n tienden a disminuir a edades muy avanzadas. Los ronquidos son causados \u200b\u200bpor vibraciones de los tejidos blandos de la garganta, particularmente del paladar blando (la parte posterior del paladar).&nbsp;La relajaci\u00f3n de los m\u00fasculos durante el sue\u00f1o es en parte la causa. Los m\u00fasculos de la garganta pierden tono con la edad, lo que puede reducir los ronquidos en personas muy mayores.&nbsp;Se puede estimar que los ronquidos alcanzan su punto m\u00e1ximo entre los 40 y los 60 a\u00f1os.&nbsp;Esto no excluye los ronquidos fuera de este grupo de edad. 3\/ Peso y dieta El sobrepeso y la obesidad favorecen los ronquidos diarios que pueden ir acompa\u00f1ados de apnea del sue\u00f1o.el sobrepeso y la obesidad pueden causar ronquidos debido a la acumulaci\u00f3n de grasa alrededor del cuello que puede comprimir las v\u00edas respiratorias. Una dieta equilibrada asociada a un estilo de vida saludable (actividad deportiva) puede reducir o incluso eliminar los ronquidos. 4\/ Obstrucci\u00f3n nasal o nasofar\u00edngea Una nariz \u201ctapada\u201d puede ser causada por un tabique desviado, inflamaci\u00f3n de los senos paranasales, alergias o incluso estafilococos. La obstrucci\u00f3n nasofar\u00edngea tambi\u00e9n puede ser causada por am\u00edgdalas o adenoides agrandadas. 5\/ Acostarse boca arriba empeora los ronquidos. Dormir boca arriba puede hacer que la lengua se caiga hacia atr\u00e1s y bloquee las v\u00edas respiratorias. 6\/ La absorci\u00f3n de alcohol. El alcohol relaja los m\u00fasculos de la garganta y por lo tanto empeora los ronquidos.","og_url":"https:\/\/antironflement.org\/index.php\/es\/las-causas-de-los-ronquidos\/","og_site_name":"Anti Ronflement","article_modified_time":"2023-06-27T12:29:19+00:00","og_image":[{"url":"https:\/\/antironflement.org\/wp-content\/uploads\/2023\/06\/les-hommes-ronflent-plus-que-les-femmes-.jpg","type":"","width":"","height":""}],"twitter_card":"summary_large_image","twitter_misc":{"Dur\u00e9e de lecture estim\u00e9e":"4 minutes"},"schema":{"@context":"https:\/\/schema.org","@graph":[{"@type":"WebPage","@id":"https:\/\/antironflement.org\/index.php\/es\/las-causas-de-los-ronquidos\/","url":"https:\/\/antironflement.org\/index.php\/es\/las-causas-de-los-ronquidos\/","name":"Las causas de los ronquidos - Anti Ronflement","isPartOf":{"@id":"https:\/\/antironflement.org\/#website"},"primaryImageOfPage":{"@id":"https:\/\/antironflement.org\/index.php\/es\/las-causas-de-los-ronquidos\/#primaryimage"},"image":{"@id":"https:\/\/antironflement.org\/index.php\/es\/las-causas-de-los-ronquidos\/#primaryimage"},"thumbnailUrl":"https:\/\/antironflement.org\/wp-content\/uploads\/2023\/06\/les-hommes-ronflent-plus-que-les-femmes-.jpg","datePublished":"2023-06-27T12:29:17+00:00","dateModified":"2023-06-27T12:29:19+00:00","breadcrumb":{"@id":"https:\/\/antironflement.org\/index.php\/es\/las-causas-de-los-ronquidos\/#breadcrumb"},"inLanguage":"fr-FR","potentialAction":[{"@type":"ReadAction","target":["https:\/\/antironflement.org\/index.php\/es\/las-causas-de-los-ronquidos\/"]}]},{"@type":"ImageObject","inLanguage":"fr-FR","@id":"https:\/\/antironflement.org\/index.php\/es\/las-causas-de-los-ronquidos\/#primaryimage","url":"https:\/\/antironflement.org\/wp-content\/uploads\/2023\/06\/les-hommes-ronflent-plus-que-les-femmes-.jpg","contentUrl":"https:\/\/antironflement.org\/wp-content\/uploads\/2023\/06\/les-hommes-ronflent-plus-que-les-femmes-.jpg","width":1024,"height":955},{"@type":"BreadcrumbList","@id":"https:\/\/antironflement.org\/index.php\/es\/las-causas-de-los-ronquidos\/#breadcrumb","itemListElement":[{"@type":"ListItem","position":1,"name":"Accueil","item":"https:\/\/antironflement.org\/index.php\/en\/"},{"@type":"ListItem","position":2,"name":"Las causas de los ronquidos"}]},{"@type":"WebSite","@id":"https:\/\/antironflement.org\/#website","url":"https:\/\/antironflement.org\/","name":"Anti Ronflement","description":"Avis et tests des solutions pour moins ronfler","publisher":{"@id":"https:\/\/antironflement.org\/#organization"},"potentialAction":[{"@type":"SearchAction","target":{"@type":"EntryPoint","urlTemplate":"https:\/\/antironflement.org\/?s={search_term_string}"},"query-input":{"@type":"PropertyValueSpecification","valueRequired":true,"valueName":"search_term_string"}}],"inLanguage":"fr-FR"},{"@type":"Organization","@id":"https:\/\/antironflement.org\/#organization","name":"Anti Ronflement","url":"https:\/\/antironflement.org\/","logo":{"@type":"ImageObject","inLanguage":"fr-FR","@id":"https:\/\/antironflement.org\/#\/schema\/logo\/image\/","url":"https:\/\/antironflement.org\/wp-content\/uploads\/2022\/04\/antironflementlogotopgris.webp","contentUrl":"https:\/\/antironflement.org\/wp-content\/uploads\/2022\/04\/antironflementlogotopgris.webp","width":450,"height":200,"caption":"Anti Ronflement"},"image":{"@id":"https:\/\/antironflement.org\/#\/schema\/logo\/image\/"}}]}},"acf":[],"_links":{"self":[{"href":"https:\/\/antironflement.org\/index.php\/wp-json\/wp\/v2\/pages\/2070","targetHints":{"allow":["GET"]}}],"collection":[{"href":"https:\/\/antironflement.org\/index.php\/wp-json\/wp\/v2\/pages"}],"about":[{"href":"https:\/\/antironflement.org\/index.php\/wp-json\/wp\/v2\/types\/page"}],"author":[{"embeddable":true,"href":"https:\/\/antironflement.org\/index.php\/wp-json\/wp\/v2\/users\/2"}],"replies":[{"embeddable":true,"href":"https:\/\/antironflement.org\/index.php\/wp-json\/wp\/v2\/comments?post=2070"}],"version-history":[{"count":1,"href":"https:\/\/antironflement.org\/index.php\/wp-json\/wp\/v2\/pages\/2070\/revisions"}],"predecessor-version":[{"id":2071,"href":"https:\/\/antironflement.org\/index.php\/wp-json\/wp\/v2\/pages\/2070\/revisions\/2071"}],"wp:attachment":[{"href":"https:\/\/antironflement.org\/index.php\/wp-json\/wp\/v2\/media?parent=2070"}],"curies":[{"name":"wp","href":"https:\/\/api.w.org\/{rel}","templated":true}]}}