{"id":2022,"date":"2023-06-26T18:44:23","date_gmt":"2023-06-26T16:44:23","guid":{"rendered":"https:\/\/antironflement.org\/index.php\/home-espanol\/"},"modified":"2024-08-14T23:18:29","modified_gmt":"2024-08-14T21:18:29","slug":"home-espanol","status":"publish","type":"page","link":"https:\/\/antironflement.org\/index.php\/es\/","title":{"rendered":"Inicio"},"content":{"rendered":"\n<h2 class=\"wp-block-heading\">Rese\u00f1as y pruebas de soluciones para reducir los ronquidos<\/h2>\n\n\n\n<p>Encuentre aqu\u00ed rese\u00f1as y pruebas de soluciones antirronquidos.&nbsp;Presentaci\u00f3n de productos, t\u00e9cnicas para menos ronquidos.<\/p>\n\n\n<div class=\"wp-block-image\">\n<figure class=\"aligncenter\"><img fetchpriority=\"high\" decoding=\"async\" width=\"640\" height=\"427\" src=\"https:\/\/antironflement.org\/wp-content\/uploads\/2022\/03\/Ronflement-couple-2-Small.jpg\" alt=\"pareja, hombre roncando\" class=\"wp-image-457\" srcset=\"https:\/\/antironflement.org\/wp-content\/uploads\/2022\/03\/Ronflement-couple-2-Small.jpg 640w, https:\/\/antironflement.org\/wp-content\/uploads\/2022\/03\/Ronflement-couple-2-Small-600x400.jpg 600w, https:\/\/antironflement.org\/wp-content\/uploads\/2022\/03\/Ronflement-couple-2-Small-300x200.jpg 300w\" sizes=\"(max-width: 640px) 100vw, 640px\" \/><\/figure>\n<\/div>\n\n\n<h2 class=\"wp-block-heading\">\u00bfCu\u00e1ntas personas se ven afectadas por los ronquidos?<\/h2>\n\n\n\n<p>Seg\u00fan la \u00ab\u00a0Academia Americana de Otorrinolaringolog\u00eda\u00a0\u00bb, el 70% de los adultos ronca.<\/p>\n\n\n\n<h2 class=\"wp-block-heading\">\u00bfCu\u00e1les son las causas de los ronquidos?<\/h2>\n\n\n\n<p>Las causas son m\u00faltiples, estilo de vida, alcohol, obstrucci\u00f3n y\/o desviaci\u00f3n nasal, edad, sobrepeso, apnea del sue\u00f1o, las comentar\u00e9 en este blog as\u00ed como las soluciones que existen.\u00a0<a href=\"https:\/\/antironflement.org\/index.php\/es\/las-causas-de-los-ronquidos\/\">En esta p\u00e1gina discuto las causas<\/a>\u00a0.<\/p>\n\n\n\n<h2 class=\"wp-block-heading\">\u00bfCu\u00e1les son las consecuencias de los ronquidos?<\/h2>\n\n\n\n<p>Las consecuencias, tambi\u00e9n, son diversas: mala calidad del sue\u00f1o, problema de pareja, posibilidad de apnea del sue\u00f1o, cansancio\u2026<\/p>\n\n\n\n<h2 class=\"wp-block-heading\">\u00bfCu\u00e1les son las soluciones para reducir los ronquidos?<\/h2>\n\n\n\n<p>El objetivo de este Blog es contarte,\u00a0<a href=\"https:\/\/antironflement.org\/index.php\/es\/a-proposito\/\">seg\u00fan mi propia experiencia<\/a>\u00a0, las t\u00e9cnicas y soluciones que me han permitido reducir los ronquidos y mejorar mi calidad de sue\u00f1o.<br>Encontrar\u00e1s tanto secciones como editoriales\/art\u00edculos\/temas, breves, f\u00e1ciles de leer, sobre estas \u00e1reas, o sobre los antirronquidos, soluciones, que he podido probar.\u00a0Cu\u00e1les funcionan y cu\u00e1les no.<\/p>\n\n\n\n<p>Todos somos diferentes, y este blog no puede reemplazar, por supuesto, la relaci\u00f3n entre usted y un otorrinolaring\u00f3logo, especialista en sue\u00f1o (tambi\u00e9n mencionar\u00e9 la necesidad de consultar, cu\u00e1ndo y qu\u00e9 tipo de especialista, y qu\u00e9 me ofrecieron).<\/p>\n\n\n\n<p>Espero que mis consejos, mi experiencia, puedan guiarte lo mejor posible en tu b\u00fasqueda para mejorar la calidad de tu noche y tu sue\u00f1o.&nbsp;Realmente puede cambiar tu vida.<\/p>\n\n\n\n<h2 class=\"wp-block-heading\">mis productos favoritos<\/h2>\n\n\n\n<p>\u00a1Encuentra tambi\u00e9n en la secci\u00f3n \u201c\u00a0<a href=\"https:\/\/antironflement.org\/index.php\/es\/mis-productos-favoritos-para-limitar-los-ronquidos\/\">Mis productos favoritos<\/a>\u00a0\u201d, los productos que uso a diario!<\/p>\n\n\n\n<p>Buena lectura !<\/p>\n\n\n\n<hr class=\"wp-block-separator has-alpha-channel-opacity\"\/>\n\n\n\n<blockquote class=\"wp-block-quote is-layout-flow wp-block-quote-is-layout-flow\">\n<p><em>\u00ab\u00a0Para asegurarte de que roncas, incluso si est\u00e1s solo, simplemente duerme en un lugar donde haya un eco y despierta lo suficientemente r\u00e1pido como para escuchar el eco del ronquido que te llega. Vuelve.<\/em>\u00ab\u00a0<\/p>\n<cite>Boris Vian<\/cite><\/blockquote>\n","protected":false},"excerpt":{"rendered":"<p>Rese\u00f1as y pruebas de soluciones para reducir los ronquidos Encuentre aqu\u00ed rese\u00f1as y pruebas de soluciones antirronquidos.&nbsp;Presentaci\u00f3n de productos, t\u00e9cnicas para menos ronquidos. \u00bfCu\u00e1ntas personas se ven afectadas por los ronquidos? Seg\u00fan la \u00ab\u00a0Academia Americana de Otorrinolaringolog\u00eda\u00a0\u00bb, el 70% de los adultos ronca. \u00bfCu\u00e1les son las causas de los ronquidos? Las causas son m\u00faltiples, estilo de vida, alcohol, obstrucci\u00f3n y\/o desviaci\u00f3n nasal, edad, sobrepeso, apnea del sue\u00f1o, las comentar\u00e9 en este blog as\u00ed como las soluciones que existen.\u00a0En esta p\u00e1gina discuto las causas\u00a0. \u00bfCu\u00e1les son las consecuencias de los ronquidos? Las consecuencias, tambi\u00e9n, son diversas: mala calidad del sue\u00f1o, problema de pareja, posibilidad de apnea del sue\u00f1o, cansancio\u2026 \u00bfCu\u00e1les son las soluciones para reducir los ronquidos? El objetivo de este Blog es contarte,\u00a0seg\u00fan mi propia experiencia\u00a0, las t\u00e9cnicas y soluciones que me han permitido reducir los ronquidos y mejorar mi calidad de sue\u00f1o.Encontrar\u00e1s tanto secciones como editoriales\/art\u00edculos\/temas, breves, f\u00e1ciles de leer, sobre estas \u00e1reas, o sobre los antirronquidos, soluciones, que he podido probar.\u00a0Cu\u00e1les funcionan y cu\u00e1les no. Todos somos diferentes, y este blog no puede reemplazar, por supuesto, la relaci\u00f3n entre usted y un otorrinolaring\u00f3logo, especialista en sue\u00f1o (tambi\u00e9n mencionar\u00e9 la necesidad de consultar, cu\u00e1ndo y qu\u00e9 tipo de especialista, y qu\u00e9 me ofrecieron). Espero que mis consejos, mi experiencia, puedan guiarte lo mejor posible en tu b\u00fasqueda para mejorar la calidad de tu noche y tu sue\u00f1o.&nbsp;Realmente puede cambiar tu vida. mis productos favoritos \u00a1Encuentra tambi\u00e9n en la secci\u00f3n \u201c\u00a0Mis productos favoritos\u00a0\u201d, los productos que uso a diario! Buena lectura ! \u00ab\u00a0Para asegurarte de que roncas, incluso si est\u00e1s solo, simplemente duerme en un lugar donde haya un eco y despierta lo suficientemente r\u00e1pido como para escuchar el eco del ronquido que te llega. Vuelve.\u00ab\u00a0 Boris Vian<\/p>\n","protected":false},"author":2,"featured_media":0,"parent":0,"menu_order":0,"comment_status":"closed","ping_status":"closed","template":"","meta":{"two_page_speed":[],"footnotes":""},"class_list":["post-2022","page","type-page","status-publish","hentry"],"yoast_head":"<!-- This site is optimized with the Yoast SEO plugin v27.4 - https:\/\/yoast.com\/product\/yoast-seo-wordpress\/ -->\n<title>Inicio - Anti Ronflement<\/title>\n<meta name=\"robots\" content=\"index, follow, max-snippet:-1, max-image-preview:large, max-video-preview:-1\" \/>\n<link rel=\"canonical\" href=\"https:\/\/antironflement.org\/index.php\/es\/\" \/>\n<meta property=\"og:locale\" content=\"fr_FR\" \/>\n<meta property=\"og:type\" content=\"article\" \/>\n<meta property=\"og:title\" content=\"Inicio - Anti Ronflement\" \/>\n<meta property=\"og:description\" content=\"Rese\u00f1as y pruebas de soluciones para reducir los ronquidos Encuentre aqu\u00ed rese\u00f1as y pruebas de soluciones antirronquidos.&nbsp;Presentaci\u00f3n de productos, t\u00e9cnicas para menos ronquidos. \u00bfCu\u00e1ntas personas se ven afectadas por los ronquidos? Seg\u00fan la \u00ab\u00a0Academia Americana de Otorrinolaringolog\u00eda\u00a0\u00bb, el 70% de los adultos ronca. \u00bfCu\u00e1les son las causas de los ronquidos? Las causas son m\u00faltiples, estilo de vida, alcohol, obstrucci\u00f3n y\/o desviaci\u00f3n nasal, edad, sobrepeso, apnea del sue\u00f1o, las comentar\u00e9 en este blog as\u00ed como las soluciones que existen.\u00a0En esta p\u00e1gina discuto las causas\u00a0. \u00bfCu\u00e1les son las consecuencias de los ronquidos? Las consecuencias, tambi\u00e9n, son diversas: mala calidad del sue\u00f1o, problema de pareja, posibilidad de apnea del sue\u00f1o, cansancio\u2026 \u00bfCu\u00e1les son las soluciones para reducir los ronquidos? El objetivo de este Blog es contarte,\u00a0seg\u00fan mi propia experiencia\u00a0, las t\u00e9cnicas y soluciones que me han permitido reducir los ronquidos y mejorar mi calidad de sue\u00f1o.Encontrar\u00e1s tanto secciones como editoriales\/art\u00edculos\/temas, breves, f\u00e1ciles de leer, sobre estas \u00e1reas, o sobre los antirronquidos, soluciones, que he podido probar.\u00a0Cu\u00e1les funcionan y cu\u00e1les no. Todos somos diferentes, y este blog no puede reemplazar, por supuesto, la relaci\u00f3n entre usted y un otorrinolaring\u00f3logo, especialista en sue\u00f1o (tambi\u00e9n mencionar\u00e9 la necesidad de consultar, cu\u00e1ndo y qu\u00e9 tipo de especialista, y qu\u00e9 me ofrecieron). Espero que mis consejos, mi experiencia, puedan guiarte lo mejor posible en tu b\u00fasqueda para mejorar la calidad de tu noche y tu sue\u00f1o.&nbsp;Realmente puede cambiar tu vida. mis productos favoritos \u00a1Encuentra tambi\u00e9n en la secci\u00f3n \u201c\u00a0Mis productos favoritos\u00a0\u201d, los productos que uso a diario! Buena lectura ! \u00ab\u00a0Para asegurarte de que roncas, incluso si est\u00e1s solo, simplemente duerme en un lugar donde haya un eco y despierta lo suficientemente r\u00e1pido como para escuchar el eco del ronquido que te llega. Vuelve.\u00ab\u00a0 Boris Vian\" \/>\n<meta property=\"og:url\" content=\"https:\/\/antironflement.org\/index.php\/es\/\" \/>\n<meta property=\"og:site_name\" content=\"Anti Ronflement\" \/>\n<meta property=\"article:modified_time\" content=\"2024-08-14T21:18:29+00:00\" \/>\n<meta property=\"og:image\" content=\"https:\/\/antironflement.org\/wp-content\/uploads\/2022\/03\/Ronflement-couple-2-Small.jpg\" \/>\n<meta name=\"twitter:card\" content=\"summary_large_image\" \/>\n<meta name=\"twitter:label1\" content=\"Dur\u00e9e de lecture estim\u00e9e\" \/>\n\t<meta name=\"twitter:data1\" content=\"2 minutes\" \/>\n<script type=\"application\/ld+json\" class=\"yoast-schema-graph\">{\"@context\":\"https:\\\/\\\/schema.org\",\"@graph\":[{\"@type\":\"WebPage\",\"@id\":\"https:\\\/\\\/antironflement.org\\\/index.php\\\/es\\\/\",\"url\":\"https:\\\/\\\/antironflement.org\\\/index.php\\\/es\\\/\",\"name\":\"Inicio - Anti Ronflement\",\"isPartOf\":{\"@id\":\"https:\\\/\\\/antironflement.org\\\/#website\"},\"primaryImageOfPage\":{\"@id\":\"https:\\\/\\\/antironflement.org\\\/index.php\\\/es\\\/#primaryimage\"},\"image\":{\"@id\":\"https:\\\/\\\/antironflement.org\\\/index.php\\\/es\\\/#primaryimage\"},\"thumbnailUrl\":\"https:\\\/\\\/antironflement.org\\\/wp-content\\\/uploads\\\/2022\\\/03\\\/Ronflement-couple-2-Small.jpg\",\"datePublished\":\"2023-06-26T16:44:23+00:00\",\"dateModified\":\"2024-08-14T21:18:29+00:00\",\"breadcrumb\":{\"@id\":\"https:\\\/\\\/antironflement.org\\\/index.php\\\/es\\\/#breadcrumb\"},\"inLanguage\":\"fr-FR\",\"potentialAction\":[{\"@type\":\"ReadAction\",\"target\":[\"https:\\\/\\\/antironflement.org\\\/index.php\\\/es\\\/\"]}]},{\"@type\":\"ImageObject\",\"inLanguage\":\"fr-FR\",\"@id\":\"https:\\\/\\\/antironflement.org\\\/index.php\\\/es\\\/#primaryimage\",\"url\":\"https:\\\/\\\/antironflement.org\\\/wp-content\\\/uploads\\\/2022\\\/03\\\/Ronflement-couple-2-Small.jpg\",\"contentUrl\":\"https:\\\/\\\/antironflement.org\\\/wp-content\\\/uploads\\\/2022\\\/03\\\/Ronflement-couple-2-Small.jpg\",\"width\":640,\"height\":427},{\"@type\":\"BreadcrumbList\",\"@id\":\"https:\\\/\\\/antironflement.org\\\/index.php\\\/es\\\/#breadcrumb\",\"itemListElement\":[{\"@type\":\"ListItem\",\"position\":1,\"name\":\"Accueil\",\"item\":\"https:\\\/\\\/antironflement.org\\\/index.php\\\/en\\\/\"},{\"@type\":\"ListItem\",\"position\":2,\"name\":\"Inicio\"}]},{\"@type\":\"WebSite\",\"@id\":\"https:\\\/\\\/antironflement.org\\\/#website\",\"url\":\"https:\\\/\\\/antironflement.org\\\/\",\"name\":\"Anti Ronflement\",\"description\":\"Avis et tests des solutions pour moins ronfler\",\"publisher\":{\"@id\":\"https:\\\/\\\/antironflement.org\\\/#organization\"},\"potentialAction\":[{\"@type\":\"SearchAction\",\"target\":{\"@type\":\"EntryPoint\",\"urlTemplate\":\"https:\\\/\\\/antironflement.org\\\/?s={search_term_string}\"},\"query-input\":{\"@type\":\"PropertyValueSpecification\",\"valueRequired\":true,\"valueName\":\"search_term_string\"}}],\"inLanguage\":\"fr-FR\"},{\"@type\":\"Organization\",\"@id\":\"https:\\\/\\\/antironflement.org\\\/#organization\",\"name\":\"Anti Ronflement\",\"url\":\"https:\\\/\\\/antironflement.org\\\/\",\"logo\":{\"@type\":\"ImageObject\",\"inLanguage\":\"fr-FR\",\"@id\":\"https:\\\/\\\/antironflement.org\\\/#\\\/schema\\\/logo\\\/image\\\/\",\"url\":\"https:\\\/\\\/antironflement.org\\\/wp-content\\\/uploads\\\/2022\\\/04\\\/antironflementlogotopgris.webp\",\"contentUrl\":\"https:\\\/\\\/antironflement.org\\\/wp-content\\\/uploads\\\/2022\\\/04\\\/antironflementlogotopgris.webp\",\"width\":450,\"height\":200,\"caption\":\"Anti Ronflement\"},\"image\":{\"@id\":\"https:\\\/\\\/antironflement.org\\\/#\\\/schema\\\/logo\\\/image\\\/\"}}]}<\/script>\n<!-- \/ Yoast SEO plugin. -->","yoast_head_json":{"title":"Inicio - Anti Ronflement","robots":{"index":"index","follow":"follow","max-snippet":"max-snippet:-1","max-image-preview":"max-image-preview:large","max-video-preview":"max-video-preview:-1"},"canonical":"https:\/\/antironflement.org\/index.php\/es\/","og_locale":"fr_FR","og_type":"article","og_title":"Inicio - Anti Ronflement","og_description":"Rese\u00f1as y pruebas de soluciones para reducir los ronquidos Encuentre aqu\u00ed rese\u00f1as y pruebas de soluciones antirronquidos.&nbsp;Presentaci\u00f3n de productos, t\u00e9cnicas para menos ronquidos. \u00bfCu\u00e1ntas personas se ven afectadas por los ronquidos? Seg\u00fan la \u00ab\u00a0Academia Americana de Otorrinolaringolog\u00eda\u00a0\u00bb, el 70% de los adultos ronca. \u00bfCu\u00e1les son las causas de los ronquidos? Las causas son m\u00faltiples, estilo de vida, alcohol, obstrucci\u00f3n y\/o desviaci\u00f3n nasal, edad, sobrepeso, apnea del sue\u00f1o, las comentar\u00e9 en este blog as\u00ed como las soluciones que existen.\u00a0En esta p\u00e1gina discuto las causas\u00a0. \u00bfCu\u00e1les son las consecuencias de los ronquidos? Las consecuencias, tambi\u00e9n, son diversas: mala calidad del sue\u00f1o, problema de pareja, posibilidad de apnea del sue\u00f1o, cansancio\u2026 \u00bfCu\u00e1les son las soluciones para reducir los ronquidos? El objetivo de este Blog es contarte,\u00a0seg\u00fan mi propia experiencia\u00a0, las t\u00e9cnicas y soluciones que me han permitido reducir los ronquidos y mejorar mi calidad de sue\u00f1o.Encontrar\u00e1s tanto secciones como editoriales\/art\u00edculos\/temas, breves, f\u00e1ciles de leer, sobre estas \u00e1reas, o sobre los antirronquidos, soluciones, que he podido probar.\u00a0Cu\u00e1les funcionan y cu\u00e1les no. Todos somos diferentes, y este blog no puede reemplazar, por supuesto, la relaci\u00f3n entre usted y un otorrinolaring\u00f3logo, especialista en sue\u00f1o (tambi\u00e9n mencionar\u00e9 la necesidad de consultar, cu\u00e1ndo y qu\u00e9 tipo de especialista, y qu\u00e9 me ofrecieron). Espero que mis consejos, mi experiencia, puedan guiarte lo mejor posible en tu b\u00fasqueda para mejorar la calidad de tu noche y tu sue\u00f1o.&nbsp;Realmente puede cambiar tu vida. mis productos favoritos \u00a1Encuentra tambi\u00e9n en la secci\u00f3n \u201c\u00a0Mis productos favoritos\u00a0\u201d, los productos que uso a diario! Buena lectura ! \u00ab\u00a0Para asegurarte de que roncas, incluso si est\u00e1s solo, simplemente duerme en un lugar donde haya un eco y despierta lo suficientemente r\u00e1pido como para escuchar el eco del ronquido que te llega. Vuelve.\u00ab\u00a0 Boris Vian","og_url":"https:\/\/antironflement.org\/index.php\/es\/","og_site_name":"Anti Ronflement","article_modified_time":"2024-08-14T21:18:29+00:00","og_image":[{"url":"https:\/\/antironflement.org\/wp-content\/uploads\/2022\/03\/Ronflement-couple-2-Small.jpg","type":"","width":"","height":""}],"twitter_card":"summary_large_image","twitter_misc":{"Dur\u00e9e de lecture estim\u00e9e":"2 minutes"},"schema":{"@context":"https:\/\/schema.org","@graph":[{"@type":"WebPage","@id":"https:\/\/antironflement.org\/index.php\/es\/","url":"https:\/\/antironflement.org\/index.php\/es\/","name":"Inicio - Anti Ronflement","isPartOf":{"@id":"https:\/\/antironflement.org\/#website"},"primaryImageOfPage":{"@id":"https:\/\/antironflement.org\/index.php\/es\/#primaryimage"},"image":{"@id":"https:\/\/antironflement.org\/index.php\/es\/#primaryimage"},"thumbnailUrl":"https:\/\/antironflement.org\/wp-content\/uploads\/2022\/03\/Ronflement-couple-2-Small.jpg","datePublished":"2023-06-26T16:44:23+00:00","dateModified":"2024-08-14T21:18:29+00:00","breadcrumb":{"@id":"https:\/\/antironflement.org\/index.php\/es\/#breadcrumb"},"inLanguage":"fr-FR","potentialAction":[{"@type":"ReadAction","target":["https:\/\/antironflement.org\/index.php\/es\/"]}]},{"@type":"ImageObject","inLanguage":"fr-FR","@id":"https:\/\/antironflement.org\/index.php\/es\/#primaryimage","url":"https:\/\/antironflement.org\/wp-content\/uploads\/2022\/03\/Ronflement-couple-2-Small.jpg","contentUrl":"https:\/\/antironflement.org\/wp-content\/uploads\/2022\/03\/Ronflement-couple-2-Small.jpg","width":640,"height":427},{"@type":"BreadcrumbList","@id":"https:\/\/antironflement.org\/index.php\/es\/#breadcrumb","itemListElement":[{"@type":"ListItem","position":1,"name":"Accueil","item":"https:\/\/antironflement.org\/index.php\/en\/"},{"@type":"ListItem","position":2,"name":"Inicio"}]},{"@type":"WebSite","@id":"https:\/\/antironflement.org\/#website","url":"https:\/\/antironflement.org\/","name":"Anti Ronflement","description":"Avis et tests des solutions pour moins ronfler","publisher":{"@id":"https:\/\/antironflement.org\/#organization"},"potentialAction":[{"@type":"SearchAction","target":{"@type":"EntryPoint","urlTemplate":"https:\/\/antironflement.org\/?s={search_term_string}"},"query-input":{"@type":"PropertyValueSpecification","valueRequired":true,"valueName":"search_term_string"}}],"inLanguage":"fr-FR"},{"@type":"Organization","@id":"https:\/\/antironflement.org\/#organization","name":"Anti Ronflement","url":"https:\/\/antironflement.org\/","logo":{"@type":"ImageObject","inLanguage":"fr-FR","@id":"https:\/\/antironflement.org\/#\/schema\/logo\/image\/","url":"https:\/\/antironflement.org\/wp-content\/uploads\/2022\/04\/antironflementlogotopgris.webp","contentUrl":"https:\/\/antironflement.org\/wp-content\/uploads\/2022\/04\/antironflementlogotopgris.webp","width":450,"height":200,"caption":"Anti Ronflement"},"image":{"@id":"https:\/\/antironflement.org\/#\/schema\/logo\/image\/"}}]}},"acf":[],"_links":{"self":[{"href":"https:\/\/antironflement.org\/index.php\/wp-json\/wp\/v2\/pages\/2022","targetHints":{"allow":["GET"]}}],"collection":[{"href":"https:\/\/antironflement.org\/index.php\/wp-json\/wp\/v2\/pages"}],"about":[{"href":"https:\/\/antironflement.org\/index.php\/wp-json\/wp\/v2\/types\/page"}],"author":[{"embeddable":true,"href":"https:\/\/antironflement.org\/index.php\/wp-json\/wp\/v2\/users\/2"}],"replies":[{"embeddable":true,"href":"https:\/\/antironflement.org\/index.php\/wp-json\/wp\/v2\/comments?post=2022"}],"version-history":[{"count":2,"href":"https:\/\/antironflement.org\/index.php\/wp-json\/wp\/v2\/pages\/2022\/revisions"}],"predecessor-version":[{"id":2213,"href":"https:\/\/antironflement.org\/index.php\/wp-json\/wp\/v2\/pages\/2022\/revisions\/2213"}],"wp:attachment":[{"href":"https:\/\/antironflement.org\/index.php\/wp-json\/wp\/v2\/media?parent=2022"}],"curies":[{"name":"wp","href":"https:\/\/api.w.org\/{rel}","templated":true}]}}