{"id":1806,"date":"2023-06-23T15:25:11","date_gmt":"2023-06-23T13:25:11","guid":{"rendered":"https:\/\/antironflement.org\/?page_id=1806"},"modified":"2024-08-14T23:17:55","modified_gmt":"2024-08-14T21:17:55","slug":"heim","status":"publish","type":"page","link":"https:\/\/antironflement.org\/index.php\/de\/","title":{"rendered":"Heim"},"content":{"rendered":"\n<h2 class=\"wp-block-heading\">Bewertungen und Tests von L\u00f6sungen zur Reduzierung des Schnarchens<\/h2>\n\n\n\n<p>Hier finden Sie Rezensionen und Tests zu Anti-Schnarch-L\u00f6sungen.&nbsp;Vorstellung von Produkten, Techniken f\u00fcr weniger Schnarchen.<\/p>\n\n\n<div class=\"wp-block-image\">\n<figure class=\"aligncenter\"><img fetchpriority=\"high\" decoding=\"async\" width=\"640\" height=\"427\" src=\"https:\/\/antironflement.org\/wp-content\/uploads\/2022\/03\/Ronflement-couple-2-Small.jpg\" alt=\"Paar, schnarchender Mann\" class=\"wp-image-457\" srcset=\"https:\/\/antironflement.org\/wp-content\/uploads\/2022\/03\/Ronflement-couple-2-Small.jpg 640w, https:\/\/antironflement.org\/wp-content\/uploads\/2022\/03\/Ronflement-couple-2-Small-600x400.jpg 600w, https:\/\/antironflement.org\/wp-content\/uploads\/2022\/03\/Ronflement-couple-2-Small-300x200.jpg 300w\" sizes=\"(max-width: 640px) 100vw, 640px\" \/><\/figure>\n<\/div>\n\n\n<h2 class=\"wp-block-heading\">Wie viele Menschen sind von Schnarchen betroffen?<\/h2>\n\n\n\n<p>Laut der \u201eAmerican Academy of Otolaryngology\u201c leiden 70 % der Erwachsenen unter Schnarchen.<\/p>\n\n\n\n<h2 class=\"wp-block-heading\">Was sind die Ursachen f\u00fcr Schnarchen?<\/h2>\n\n\n\n<p>Die Ursachen sind vielf\u00e4ltig: Lebensstil, Alkohol, Nasenverstopfung und\/oder -abweichung, Alter, \u00dcbergewicht, Schlafapnoe. Ich werde sie in diesem Blog sowie die vorhandenen L\u00f6sungen besprechen.&nbsp;Auf dieser Seite bespreche ich die Ursachen&nbsp;.<\/p>\n\n\n\n<h2 class=\"wp-block-heading\">Welche Folgen hat Schnarchen?<\/h2>\n\n\n\n<p>Auch die Folgen sind vielf\u00e4ltig: schlechte Schlafqualit\u00e4t, Paarproblem, M\u00f6glichkeit einer Schlafapnoe, M\u00fcdigkeit&#8230;<\/p>\n\n\n\n<h2 class=\"wp-block-heading\">Welche L\u00f6sungen gibt es, um das Schnarchen zu reduzieren?<\/h2>\n\n\n\n<p>Ziel dieses Blogs ist es, <a href=\"https:\/\/antironflement.org\/index.php\/de\/ein-vorschlag\/\">Ihnen\u00a0aus eigener Erfahrung\u00a0die Techniken und L\u00f6sungen vorzustellen<\/a>, die es mir erm\u00f6glicht haben, das Schnarchen zu reduzieren und meine Schlafqualit\u00e4t zu verbessern.<br>Sie finden Abschnitte sowie Leitartikel\/Artikel\/Themen, kurz und leicht lesbar, zu diesen Bereichen oder zu den Anti-Schnarch-Ger\u00e4ten, L\u00f6sungen, die ich testen konnte.\u00a0Welche funktionieren und welche nicht.<\/p>\n\n\n\n<p>Jeder ist anders und dieser Blog kann nat\u00fcrlich nicht die Beziehung zwischen Ihnen und einem HNO- und Schlafspezialisten ersetzen (ich werde auch die Notwendigkeit erw\u00e4hnen, wann und welche Art von Spezialisten konsultiert werden m\u00fcssen und was sie mir angeboten haben).<\/p>\n\n\n\n<p>Ich hoffe, dass mein Rat und meine Erfahrung Sie bei Ihrer Suche nach einer Verbesserung Ihrer Nacht- und Schlafqualit\u00e4t bestm\u00f6glich unterst\u00fctzen k\u00f6nnen.&nbsp;Es kann Ihr Leben wirklich ver\u00e4ndern.<\/p>\n\n\n\n<h2 class=\"wp-block-heading\">Meine Lieblingsprodukte<\/h2>\n\n\n\n<p>In der Rubrik \u201e\u00a0<a href=\"https:\/\/antironflement.org\/index.php\/de\/meine-lieblingsprodukte-zur-begrenzung-ihres-schnarchens\/\">Meine Lieblingsprodukte\u00a0<\/a>\u201c finden Sie auch die Produkte, die ich t\u00e4glich verwende!<\/p>\n\n\n\n<p>Gutes Lesen !<\/p>\n\n\n\n<hr class=\"wp-block-separator has-alpha-channel-opacity\"\/>\n\n\n\n<blockquote class=\"wp-block-quote is-layout-flow wp-block-quote-is-layout-flow\">\n<p>\u00ab\u00a0<em>Um sicherzustellen, dass Sie schnarchen, auch wenn Sie alleine sind, schlafen Sie einfach an einem Ort ein, an dem es ein Echo gibt, und wachen Sie schnell genug auf, um das Echo des Schnarchens h\u00f6ren zu k\u00f6nnen.<\/em>\u00ab\u00a0<\/p>\n<cite>Boris Vian<\/cite><\/blockquote>\n","protected":false},"excerpt":{"rendered":"<p>Bewertungen und Tests von L\u00f6sungen zur Reduzierung des Schnarchens Hier finden Sie Rezensionen und Tests zu Anti-Schnarch-L\u00f6sungen.&nbsp;Vorstellung von Produkten, Techniken f\u00fcr weniger Schnarchen. Wie viele Menschen sind von Schnarchen betroffen? Laut der \u201eAmerican Academy of Otolaryngology\u201c leiden 70 % der Erwachsenen unter Schnarchen. Was sind die Ursachen f\u00fcr Schnarchen? Die Ursachen sind vielf\u00e4ltig: Lebensstil, Alkohol, Nasenverstopfung und\/oder -abweichung, Alter, \u00dcbergewicht, Schlafapnoe. Ich werde sie in diesem Blog sowie die vorhandenen L\u00f6sungen besprechen.&nbsp;Auf dieser Seite bespreche ich die Ursachen&nbsp;. Welche Folgen hat Schnarchen? Auch die Folgen sind vielf\u00e4ltig: schlechte Schlafqualit\u00e4t, Paarproblem, M\u00f6glichkeit einer Schlafapnoe, M\u00fcdigkeit&#8230; Welche L\u00f6sungen gibt es, um das Schnarchen zu reduzieren? Ziel dieses Blogs ist es, Ihnen\u00a0aus eigener Erfahrung\u00a0die Techniken und L\u00f6sungen vorzustellen, die es mir erm\u00f6glicht haben, das Schnarchen zu reduzieren und meine Schlafqualit\u00e4t zu verbessern.Sie finden Abschnitte sowie Leitartikel\/Artikel\/Themen, kurz und leicht lesbar, zu diesen Bereichen oder zu den Anti-Schnarch-Ger\u00e4ten, L\u00f6sungen, die ich testen konnte.\u00a0Welche funktionieren und welche nicht. Jeder ist anders und dieser Blog kann nat\u00fcrlich nicht die Beziehung zwischen Ihnen und einem HNO- und Schlafspezialisten ersetzen (ich werde auch die Notwendigkeit erw\u00e4hnen, wann und welche Art von Spezialisten konsultiert werden m\u00fcssen und was sie mir angeboten haben). Ich hoffe, dass mein Rat und meine Erfahrung Sie bei Ihrer Suche nach einer Verbesserung Ihrer Nacht- und Schlafqualit\u00e4t bestm\u00f6glich unterst\u00fctzen k\u00f6nnen.&nbsp;Es kann Ihr Leben wirklich ver\u00e4ndern. Meine Lieblingsprodukte In der Rubrik \u201e\u00a0Meine Lieblingsprodukte\u00a0\u201c finden Sie auch die Produkte, die ich t\u00e4glich verwende! Gutes Lesen ! \u00ab\u00a0Um sicherzustellen, dass Sie schnarchen, auch wenn Sie alleine sind, schlafen Sie einfach an einem Ort ein, an dem es ein Echo gibt, und wachen Sie schnell genug auf, um das Echo des Schnarchens h\u00f6ren zu k\u00f6nnen.\u00ab\u00a0 Boris Vian<\/p>\n","protected":false},"author":2,"featured_media":0,"parent":0,"menu_order":0,"comment_status":"closed","ping_status":"closed","template":"","meta":{"two_page_speed":[],"footnotes":""},"class_list":["post-1806","page","type-page","status-publish","hentry"],"yoast_head":"<!-- This site is optimized with the Yoast SEO plugin v27.3 - https:\/\/yoast.com\/product\/yoast-seo-wordpress\/ -->\n<title>Heim - Anti Ronflement<\/title>\n<meta name=\"robots\" content=\"index, follow, max-snippet:-1, max-image-preview:large, max-video-preview:-1\" \/>\n<link rel=\"canonical\" href=\"https:\/\/antironflement.org\/index.php\/de\/\" \/>\n<meta property=\"og:locale\" content=\"fr_FR\" \/>\n<meta property=\"og:type\" content=\"article\" \/>\n<meta property=\"og:title\" content=\"Heim - Anti Ronflement\" \/>\n<meta property=\"og:description\" content=\"Bewertungen und Tests von L\u00f6sungen zur Reduzierung des Schnarchens Hier finden Sie Rezensionen und Tests zu Anti-Schnarch-L\u00f6sungen.&nbsp;Vorstellung von Produkten, Techniken f\u00fcr weniger Schnarchen. Wie viele Menschen sind von Schnarchen betroffen? Laut der \u201eAmerican Academy of Otolaryngology\u201c leiden 70 % der Erwachsenen unter Schnarchen. Was sind die Ursachen f\u00fcr Schnarchen? Die Ursachen sind vielf\u00e4ltig: Lebensstil, Alkohol, Nasenverstopfung und\/oder -abweichung, Alter, \u00dcbergewicht, Schlafapnoe. Ich werde sie in diesem Blog sowie die vorhandenen L\u00f6sungen besprechen.&nbsp;Auf dieser Seite bespreche ich die Ursachen&nbsp;. Welche Folgen hat Schnarchen? Auch die Folgen sind vielf\u00e4ltig: schlechte Schlafqualit\u00e4t, Paarproblem, M\u00f6glichkeit einer Schlafapnoe, M\u00fcdigkeit&#8230; Welche L\u00f6sungen gibt es, um das Schnarchen zu reduzieren? Ziel dieses Blogs ist es, Ihnen\u00a0aus eigener Erfahrung\u00a0die Techniken und L\u00f6sungen vorzustellen, die es mir erm\u00f6glicht haben, das Schnarchen zu reduzieren und meine Schlafqualit\u00e4t zu verbessern.Sie finden Abschnitte sowie Leitartikel\/Artikel\/Themen, kurz und leicht lesbar, zu diesen Bereichen oder zu den Anti-Schnarch-Ger\u00e4ten, L\u00f6sungen, die ich testen konnte.\u00a0Welche funktionieren und welche nicht. Jeder ist anders und dieser Blog kann nat\u00fcrlich nicht die Beziehung zwischen Ihnen und einem HNO- und Schlafspezialisten ersetzen (ich werde auch die Notwendigkeit erw\u00e4hnen, wann und welche Art von Spezialisten konsultiert werden m\u00fcssen und was sie mir angeboten haben). Ich hoffe, dass mein Rat und meine Erfahrung Sie bei Ihrer Suche nach einer Verbesserung Ihrer Nacht- und Schlafqualit\u00e4t bestm\u00f6glich unterst\u00fctzen k\u00f6nnen.&nbsp;Es kann Ihr Leben wirklich ver\u00e4ndern. Meine Lieblingsprodukte In der Rubrik \u201e\u00a0Meine Lieblingsprodukte\u00a0\u201c finden Sie auch die Produkte, die ich t\u00e4glich verwende! Gutes Lesen ! \u00ab\u00a0Um sicherzustellen, dass Sie schnarchen, auch wenn Sie alleine sind, schlafen Sie einfach an einem Ort ein, an dem es ein Echo gibt, und wachen Sie schnell genug auf, um das Echo des Schnarchens h\u00f6ren zu k\u00f6nnen.\u00ab\u00a0 Boris Vian\" \/>\n<meta property=\"og:url\" content=\"https:\/\/antironflement.org\/index.php\/de\/\" \/>\n<meta property=\"og:site_name\" content=\"Anti Ronflement\" \/>\n<meta property=\"article:modified_time\" content=\"2024-08-14T21:17:55+00:00\" \/>\n<meta property=\"og:image\" content=\"https:\/\/antironflement.org\/wp-content\/uploads\/2022\/03\/Ronflement-couple-2-Small.jpg\" \/>\n<meta name=\"twitter:card\" content=\"summary_large_image\" \/>\n<meta name=\"twitter:label1\" content=\"Dur\u00e9e de lecture estim\u00e9e\" \/>\n\t<meta name=\"twitter:data1\" content=\"2 minutes\" \/>\n<script type=\"application\/ld+json\" class=\"yoast-schema-graph\">{\"@context\":\"https:\\\/\\\/schema.org\",\"@graph\":[{\"@type\":\"WebPage\",\"@id\":\"https:\\\/\\\/antironflement.org\\\/index.php\\\/de\\\/\",\"url\":\"https:\\\/\\\/antironflement.org\\\/index.php\\\/de\\\/\",\"name\":\"Heim - Anti Ronflement\",\"isPartOf\":{\"@id\":\"https:\\\/\\\/antironflement.org\\\/#website\"},\"primaryImageOfPage\":{\"@id\":\"https:\\\/\\\/antironflement.org\\\/index.php\\\/de\\\/#primaryimage\"},\"image\":{\"@id\":\"https:\\\/\\\/antironflement.org\\\/index.php\\\/de\\\/#primaryimage\"},\"thumbnailUrl\":\"https:\\\/\\\/antironflement.org\\\/wp-content\\\/uploads\\\/2022\\\/03\\\/Ronflement-couple-2-Small.jpg\",\"datePublished\":\"2023-06-23T13:25:11+00:00\",\"dateModified\":\"2024-08-14T21:17:55+00:00\",\"breadcrumb\":{\"@id\":\"https:\\\/\\\/antironflement.org\\\/index.php\\\/de\\\/#breadcrumb\"},\"inLanguage\":\"fr-FR\",\"potentialAction\":[{\"@type\":\"ReadAction\",\"target\":[\"https:\\\/\\\/antironflement.org\\\/index.php\\\/de\\\/\"]}]},{\"@type\":\"ImageObject\",\"inLanguage\":\"fr-FR\",\"@id\":\"https:\\\/\\\/antironflement.org\\\/index.php\\\/de\\\/#primaryimage\",\"url\":\"https:\\\/\\\/antironflement.org\\\/wp-content\\\/uploads\\\/2022\\\/03\\\/Ronflement-couple-2-Small.jpg\",\"contentUrl\":\"https:\\\/\\\/antironflement.org\\\/wp-content\\\/uploads\\\/2022\\\/03\\\/Ronflement-couple-2-Small.jpg\",\"width\":640,\"height\":427},{\"@type\":\"BreadcrumbList\",\"@id\":\"https:\\\/\\\/antironflement.org\\\/index.php\\\/de\\\/#breadcrumb\",\"itemListElement\":[{\"@type\":\"ListItem\",\"position\":1,\"name\":\"Accueil\",\"item\":\"https:\\\/\\\/antironflement.org\\\/index.php\\\/en\\\/\"},{\"@type\":\"ListItem\",\"position\":2,\"name\":\"Heim\"}]},{\"@type\":\"WebSite\",\"@id\":\"https:\\\/\\\/antironflement.org\\\/#website\",\"url\":\"https:\\\/\\\/antironflement.org\\\/\",\"name\":\"Anti Ronflement\",\"description\":\"Avis et tests des solutions pour moins ronfler\",\"publisher\":{\"@id\":\"https:\\\/\\\/antironflement.org\\\/#organization\"},\"potentialAction\":[{\"@type\":\"SearchAction\",\"target\":{\"@type\":\"EntryPoint\",\"urlTemplate\":\"https:\\\/\\\/antironflement.org\\\/?s={search_term_string}\"},\"query-input\":{\"@type\":\"PropertyValueSpecification\",\"valueRequired\":true,\"valueName\":\"search_term_string\"}}],\"inLanguage\":\"fr-FR\"},{\"@type\":\"Organization\",\"@id\":\"https:\\\/\\\/antironflement.org\\\/#organization\",\"name\":\"Anti Ronflement\",\"url\":\"https:\\\/\\\/antironflement.org\\\/\",\"logo\":{\"@type\":\"ImageObject\",\"inLanguage\":\"fr-FR\",\"@id\":\"https:\\\/\\\/antironflement.org\\\/#\\\/schema\\\/logo\\\/image\\\/\",\"url\":\"https:\\\/\\\/antironflement.org\\\/wp-content\\\/uploads\\\/2022\\\/04\\\/antironflementlogotopgris.webp\",\"contentUrl\":\"https:\\\/\\\/antironflement.org\\\/wp-content\\\/uploads\\\/2022\\\/04\\\/antironflementlogotopgris.webp\",\"width\":450,\"height\":200,\"caption\":\"Anti Ronflement\"},\"image\":{\"@id\":\"https:\\\/\\\/antironflement.org\\\/#\\\/schema\\\/logo\\\/image\\\/\"}}]}<\/script>\n<!-- \/ Yoast SEO plugin. -->","yoast_head_json":{"title":"Heim - Anti Ronflement","robots":{"index":"index","follow":"follow","max-snippet":"max-snippet:-1","max-image-preview":"max-image-preview:large","max-video-preview":"max-video-preview:-1"},"canonical":"https:\/\/antironflement.org\/index.php\/de\/","og_locale":"fr_FR","og_type":"article","og_title":"Heim - Anti Ronflement","og_description":"Bewertungen und Tests von L\u00f6sungen zur Reduzierung des Schnarchens Hier finden Sie Rezensionen und Tests zu Anti-Schnarch-L\u00f6sungen.&nbsp;Vorstellung von Produkten, Techniken f\u00fcr weniger Schnarchen. Wie viele Menschen sind von Schnarchen betroffen? Laut der \u201eAmerican Academy of Otolaryngology\u201c leiden 70 % der Erwachsenen unter Schnarchen. Was sind die Ursachen f\u00fcr Schnarchen? Die Ursachen sind vielf\u00e4ltig: Lebensstil, Alkohol, Nasenverstopfung und\/oder -abweichung, Alter, \u00dcbergewicht, Schlafapnoe. Ich werde sie in diesem Blog sowie die vorhandenen L\u00f6sungen besprechen.&nbsp;Auf dieser Seite bespreche ich die Ursachen&nbsp;. Welche Folgen hat Schnarchen? Auch die Folgen sind vielf\u00e4ltig: schlechte Schlafqualit\u00e4t, Paarproblem, M\u00f6glichkeit einer Schlafapnoe, M\u00fcdigkeit&#8230; Welche L\u00f6sungen gibt es, um das Schnarchen zu reduzieren? Ziel dieses Blogs ist es, Ihnen\u00a0aus eigener Erfahrung\u00a0die Techniken und L\u00f6sungen vorzustellen, die es mir erm\u00f6glicht haben, das Schnarchen zu reduzieren und meine Schlafqualit\u00e4t zu verbessern.Sie finden Abschnitte sowie Leitartikel\/Artikel\/Themen, kurz und leicht lesbar, zu diesen Bereichen oder zu den Anti-Schnarch-Ger\u00e4ten, L\u00f6sungen, die ich testen konnte.\u00a0Welche funktionieren und welche nicht. Jeder ist anders und dieser Blog kann nat\u00fcrlich nicht die Beziehung zwischen Ihnen und einem HNO- und Schlafspezialisten ersetzen (ich werde auch die Notwendigkeit erw\u00e4hnen, wann und welche Art von Spezialisten konsultiert werden m\u00fcssen und was sie mir angeboten haben). Ich hoffe, dass mein Rat und meine Erfahrung Sie bei Ihrer Suche nach einer Verbesserung Ihrer Nacht- und Schlafqualit\u00e4t bestm\u00f6glich unterst\u00fctzen k\u00f6nnen.&nbsp;Es kann Ihr Leben wirklich ver\u00e4ndern. Meine Lieblingsprodukte In der Rubrik \u201e\u00a0Meine Lieblingsprodukte\u00a0\u201c finden Sie auch die Produkte, die ich t\u00e4glich verwende! Gutes Lesen ! \u00ab\u00a0Um sicherzustellen, dass Sie schnarchen, auch wenn Sie alleine sind, schlafen Sie einfach an einem Ort ein, an dem es ein Echo gibt, und wachen Sie schnell genug auf, um das Echo des Schnarchens h\u00f6ren zu k\u00f6nnen.\u00ab\u00a0 Boris Vian","og_url":"https:\/\/antironflement.org\/index.php\/de\/","og_site_name":"Anti Ronflement","article_modified_time":"2024-08-14T21:17:55+00:00","og_image":[{"url":"https:\/\/antironflement.org\/wp-content\/uploads\/2022\/03\/Ronflement-couple-2-Small.jpg","type":"","width":"","height":""}],"twitter_card":"summary_large_image","twitter_misc":{"Dur\u00e9e de lecture estim\u00e9e":"2 minutes"},"schema":{"@context":"https:\/\/schema.org","@graph":[{"@type":"WebPage","@id":"https:\/\/antironflement.org\/index.php\/de\/","url":"https:\/\/antironflement.org\/index.php\/de\/","name":"Heim - Anti Ronflement","isPartOf":{"@id":"https:\/\/antironflement.org\/#website"},"primaryImageOfPage":{"@id":"https:\/\/antironflement.org\/index.php\/de\/#primaryimage"},"image":{"@id":"https:\/\/antironflement.org\/index.php\/de\/#primaryimage"},"thumbnailUrl":"https:\/\/antironflement.org\/wp-content\/uploads\/2022\/03\/Ronflement-couple-2-Small.jpg","datePublished":"2023-06-23T13:25:11+00:00","dateModified":"2024-08-14T21:17:55+00:00","breadcrumb":{"@id":"https:\/\/antironflement.org\/index.php\/de\/#breadcrumb"},"inLanguage":"fr-FR","potentialAction":[{"@type":"ReadAction","target":["https:\/\/antironflement.org\/index.php\/de\/"]}]},{"@type":"ImageObject","inLanguage":"fr-FR","@id":"https:\/\/antironflement.org\/index.php\/de\/#primaryimage","url":"https:\/\/antironflement.org\/wp-content\/uploads\/2022\/03\/Ronflement-couple-2-Small.jpg","contentUrl":"https:\/\/antironflement.org\/wp-content\/uploads\/2022\/03\/Ronflement-couple-2-Small.jpg","width":640,"height":427},{"@type":"BreadcrumbList","@id":"https:\/\/antironflement.org\/index.php\/de\/#breadcrumb","itemListElement":[{"@type":"ListItem","position":1,"name":"Accueil","item":"https:\/\/antironflement.org\/index.php\/en\/"},{"@type":"ListItem","position":2,"name":"Heim"}]},{"@type":"WebSite","@id":"https:\/\/antironflement.org\/#website","url":"https:\/\/antironflement.org\/","name":"Anti Ronflement","description":"Avis et tests des solutions pour moins ronfler","publisher":{"@id":"https:\/\/antironflement.org\/#organization"},"potentialAction":[{"@type":"SearchAction","target":{"@type":"EntryPoint","urlTemplate":"https:\/\/antironflement.org\/?s={search_term_string}"},"query-input":{"@type":"PropertyValueSpecification","valueRequired":true,"valueName":"search_term_string"}}],"inLanguage":"fr-FR"},{"@type":"Organization","@id":"https:\/\/antironflement.org\/#organization","name":"Anti Ronflement","url":"https:\/\/antironflement.org\/","logo":{"@type":"ImageObject","inLanguage":"fr-FR","@id":"https:\/\/antironflement.org\/#\/schema\/logo\/image\/","url":"https:\/\/antironflement.org\/wp-content\/uploads\/2022\/04\/antironflementlogotopgris.webp","contentUrl":"https:\/\/antironflement.org\/wp-content\/uploads\/2022\/04\/antironflementlogotopgris.webp","width":450,"height":200,"caption":"Anti Ronflement"},"image":{"@id":"https:\/\/antironflement.org\/#\/schema\/logo\/image\/"}}]}},"acf":[],"_links":{"self":[{"href":"https:\/\/antironflement.org\/index.php\/wp-json\/wp\/v2\/pages\/1806","targetHints":{"allow":["GET"]}}],"collection":[{"href":"https:\/\/antironflement.org\/index.php\/wp-json\/wp\/v2\/pages"}],"about":[{"href":"https:\/\/antironflement.org\/index.php\/wp-json\/wp\/v2\/types\/page"}],"author":[{"embeddable":true,"href":"https:\/\/antironflement.org\/index.php\/wp-json\/wp\/v2\/users\/2"}],"replies":[{"embeddable":true,"href":"https:\/\/antironflement.org\/index.php\/wp-json\/wp\/v2\/comments?post=1806"}],"version-history":[{"count":3,"href":"https:\/\/antironflement.org\/index.php\/wp-json\/wp\/v2\/pages\/1806\/revisions"}],"predecessor-version":[{"id":3828,"href":"https:\/\/antironflement.org\/index.php\/wp-json\/wp\/v2\/pages\/1806\/revisions\/3828"}],"wp:attachment":[{"href":"https:\/\/antironflement.org\/index.php\/wp-json\/wp\/v2\/media?parent=1806"}],"curies":[{"name":"wp","href":"https:\/\/api.w.org\/{rel}","templated":true}]}}